Last updated on 2024-04-18 20:55:51 CEST.
Flavor | Version | Tinstall | Tcheck | Ttotal | Status | Flags |
---|---|---|---|---|---|---|
r-devel-linux-x86_64-debian-clang | 0.4.2 | 14.12 | 762.16 | 776.28 | OK | |
r-devel-linux-x86_64-debian-gcc | 0.4.2 | 10.94 | 533.27 | 544.21 | OK | |
r-devel-linux-x86_64-fedora-clang | 0.4.3 | 981.42 | NOTE | |||
r-devel-linux-x86_64-fedora-gcc | 0.4.3 | 943.25 | NOTE | |||
r-prerel-macos-arm64 | 0.4.2 | 240.00 | OK | |||
r-prerel-macos-x86_64 | 0.4.3 | 832.00 | OK | |||
r-prerel-windows-x86_64 | 0.4.2 | 14.00 | 705.00 | 719.00 | OK | |
r-patched-linux-x86_64 | 0.4.2 | 14.77 | 737.18 | 751.95 | OK | |
r-release-linux-x86_64 | 0.4.2 | 11.32 | 754.69 | 766.01 | OK | |
r-release-macos-arm64 | 0.4.2 | 242.00 | OK | |||
r-release-macos-x86_64 | 0.4.3 | 720.00 | OK | |||
r-release-windows-x86_64 | 0.4.2 | 16.00 | 849.00 | 865.00 | OK | |
r-oldrel-macos-arm64 | 0.4.2 | 212.00 | OK | |||
r-oldrel-windows-x86_64 | 0.4.2 | 17.00 | 817.00 | 834.00 | OK |
Version: 0.4.3
Check: data for non-ASCII characters
Result: NOTE
Note: found 6 marked Latin-1 strings
Flavors: r-devel-linux-x86_64-fedora-clang, r-devel-linux-x86_64-fedora-gcc