Last updated on 2023-10-01 08:52:03 CEST.
Flavor | Version | Tinstall | Tcheck | Ttotal | Status | Flags |
---|---|---|---|---|---|---|
r-devel-linux-x86_64-debian-clang | 1.4.0 | 27.22 | 328.69 | 355.91 | OK | |
r-devel-linux-x86_64-debian-gcc | 1.4.0 | 20.92 | 241.78 | 262.70 | OK | |
r-devel-linux-x86_64-fedora-clang | 1.4.0 | 444.46 | OK | |||
r-devel-linux-x86_64-fedora-gcc | 1.4.0 | 458.18 | OK | |||
r-devel-windows-x86_64 | 1.4.0 | 24.00 | 257.00 | 281.00 | OK | |
r-patched-linux-x86_64 | 1.4.0 | 24.59 | 310.98 | 335.57 | OK | |
r-release-linux-x86_64 | 1.4.0 | 21.99 | 317.28 | 339.27 | OK | |
r-release-macos-arm64 | 1.4.0 | 135.00 | NOTE | |||
r-release-macos-x86_64 | 1.4.0 | 214.00 | NOTE | |||
r-release-windows-x86_64 | 1.4.0 | 32.00 | 327.00 | 359.00 | NOTE | |
r-oldrel-macos-arm64 | 1.4.0 | 133.00 | NOTE | |||
r-oldrel-macos-x86_64 | 1.4.0 | 154.00 | NOTE | |||
r-oldrel-windows-x86_64 | 1.4.0 | 34.00 | 319.00 | 353.00 | NOTE |
Version: 1.4.0
Check: package dependencies
Result: NOTE
Packages suggested but not available for checking:
'BSgenome.Hsapiens.NCBI.GRCh38', 'clusterProfiler', 'org.Mm.eg.db',
'wiggleplotr'
Flavor: r-release-macos-arm64
Version: 1.4.0
Check: package dependencies
Result: NOTE
Packages suggested but not available for checking:
'BSgenome.Hsapiens.NCBI.GRCh38', 'org.Mm.eg.db', 'wiggleplotr'
Flavor: r-release-macos-x86_64
Version: 1.4.0
Check: package dependencies
Result: NOTE
Package suggested but not available for checking: 'BSgenome.Hsapiens.NCBI.GRCh38'
Flavors: r-release-windows-x86_64, r-oldrel-windows-x86_64
Version: 1.4.0
Check: package dependencies
Result: NOTE
Packages suggested but not available for checking:
'BSgenome.Hsapiens.NCBI.GRCh38', 'wiggleplotr'
Flavors: r-oldrel-macos-arm64, r-oldrel-macos-x86_64