Last updated on 2023-06-04 08:57:14 CEST.
Flavor | Version | Tinstall | Tcheck | Ttotal | Status | Flags |
---|---|---|---|---|---|---|
r-devel-linux-x86_64-debian-clang | 3.11.8 | 18.37 | 316.60 | 334.97 | NOTE | |
r-devel-linux-x86_64-debian-gcc | 3.11.8 | 21.15 | 231.67 | 252.82 | NOTE | |
r-devel-linux-x86_64-fedora-clang | 3.11.8 | 418.13 | NOTE | |||
r-devel-linux-x86_64-fedora-gcc | 3.11.8 | 440.94 | NOTE | |||
r-devel-windows-x86_64 | 3.11.8 | 19.00 | 292.00 | 311.00 | NOTE | |
r-patched-linux-x86_64 | 3.11.8 | 24.90 | 294.93 | 319.83 | NOTE | |
r-release-linux-x86_64 | 3.11.8 | 21.01 | 304.04 | 325.05 | NOTE | |
r-release-macos-arm64 | 3.11.8 | 117.00 | NOTE | |||
r-release-macos-x86_64 | 3.11.4 | 172.00 | NOTE | |||
r-release-windows-x86_64 | 3.11.8 | 27.00 | 345.00 | 372.00 | NOTE | |
r-oldrel-macos-arm64 | 3.11.8 | 107.00 | NOTE | |||
r-oldrel-macos-x86_64 | 3.11.8 | 124.00 | NOTE | |||
r-oldrel-windows-x86_64 | 3.11.8 | 26.00 | 342.00 | 368.00 | NOTE |
Version: 3.11.8
Check: package dependencies
Result: NOTE
Package suggested but not available for checking: ‘marssTMB’
Flavors: r-devel-linux-x86_64-debian-clang, r-devel-linux-x86_64-debian-gcc, r-devel-linux-x86_64-fedora-clang, r-devel-linux-x86_64-fedora-gcc, r-devel-windows-x86_64, r-patched-linux-x86_64, r-release-linux-x86_64, r-release-macos-arm64, r-release-windows-x86_64, r-oldrel-macos-arm64, r-oldrel-macos-x86_64, r-oldrel-windows-x86_64
Version: 3.11.4
Check: installed package size
Result: NOTE
installed size is 5.1Mb
sub-directories of 1Mb or more:
doc 3.7Mb
Flavor: r-release-macos-x86_64
Version: 3.11.4
Check: Rd \usage sections
Result: NOTE
S3 methods shown with full name in documentation object 'utility.functions':
‘all.equal.vector’
The \usage entries for S3 methods should use the \method markup and not
their full name.
See chapter ‘Writing R documentation files’ in the ‘Writing R
Extensions’ manual.
Flavor: r-release-macos-x86_64