Last updated on 2023-06-04 08:57:14 CEST.
Flavor | Version | Tinstall | Tcheck | Ttotal | Status | Flags |
---|---|---|---|---|---|---|
r-devel-linux-x86_64-debian-clang | 1.1.2 | 44.46 | 51.91 | 96.37 | NOTE | |
r-devel-linux-x86_64-debian-gcc | 1.1.2 | 33.06 | 41.32 | 74.38 | NOTE | |
r-devel-linux-x86_64-fedora-clang | 1.1.2 | 130.65 | NOTE | |||
r-devel-linux-x86_64-fedora-gcc | 1.1.2 | 152.69 | NOTE | |||
r-devel-windows-x86_64 | 1.1.2 | 34.00 | 81.00 | 115.00 | NOTE | |
r-patched-linux-x86_64 | 1.1.2 | 36.11 | 51.71 | 87.82 | NOTE | |
r-release-linux-x86_64 | 1.1.2 | 30.65 | 52.17 | 82.82 | NOTE | |
r-release-macos-arm64 | 1.1.2 | 50.00 | NOTE | |||
r-release-macos-x86_64 | 1.1.2 | 76.00 | NOTE | |||
r-release-windows-x86_64 | 1.1.2 | 42.00 | 95.00 | 137.00 | NOTE | |
r-oldrel-macos-arm64 | 1.1.2 | 43.00 | OK | |||
r-oldrel-macos-x86_64 | 1.1.2 | 52.00 | OK | |||
r-oldrel-windows-x86_64 | 1.1.2 | 41.00 | 91.00 | 132.00 | OK |
Version: 1.1.2
Check: C++ specification
Result: NOTE
Specified C++11: please drop specification unless essential
Flavors: r-devel-linux-x86_64-debian-clang, r-devel-linux-x86_64-debian-gcc, r-devel-linux-x86_64-fedora-clang, r-devel-linux-x86_64-fedora-gcc, r-devel-windows-x86_64, r-patched-linux-x86_64, r-release-linux-x86_64, r-release-macos-arm64, r-release-macos-x86_64, r-release-windows-x86_64