Last updated on 2023-06-04 08:57:14 CEST.
Flavor | Version | Tinstall | Tcheck | Ttotal | Status | Flags |
---|---|---|---|---|---|---|
r-devel-linux-x86_64-debian-clang | 2.7.1 | 246.87 | 178.33 | 425.20 | OK | |
r-devel-linux-x86_64-debian-gcc | 2.7.1 | 191.61 | 128.41 | 320.02 | OK | |
r-devel-linux-x86_64-fedora-clang | 2.7.1 | 607.45 | OK | |||
r-devel-linux-x86_64-fedora-gcc | 2.7.1 | 642.44 | OK | |||
r-devel-windows-x86_64 | 2.7.1 | 181.00 | 160.00 | 341.00 | NOTE | |
r-patched-linux-x86_64 | 2.7.1 | 201.80 | 165.70 | 367.50 | OK | |
r-release-linux-x86_64 | 2.7.1 | 163.72 | 164.19 | 327.91 | OK | |
r-release-macos-arm64 | 2.7.1 | 126.00 | NOTE | |||
r-release-macos-x86_64 | 2.7.1 | 217.00 | NOTE | |||
r-release-windows-x86_64 | 2.7.1 | 246.00 | 207.00 | 453.00 | NOTE | |
r-oldrel-macos-arm64 | 2.7.1 | 120.00 | NOTE | |||
r-oldrel-macos-x86_64 | 2.7.1 | 152.00 | NOTE | |||
r-oldrel-windows-x86_64 | 2.7.1 | 237.00 | 200.00 | 437.00 | NOTE |
Version: 2.7.1
Check: installed package size
Result: NOTE
installed size is 5.5Mb
sub-directories of 1Mb or more:
R 1.5Mb
data 2.3Mb
libs 1.3Mb
Flavors: r-devel-windows-x86_64, r-release-macos-arm64, r-release-macos-x86_64, r-release-windows-x86_64, r-oldrel-macos-arm64, r-oldrel-macos-x86_64, r-oldrel-windows-x86_64