Last updated on 2023-06-06 20:09:48 CEST.
Flavor | Version | Tinstall | Tcheck | Ttotal | Status | Flags |
---|---|---|---|---|---|---|
r-devel-linux-x86_64-debian-clang | 1.3.0 | 104.97 | 370.51 | 475.48 | OK | |
r-devel-linux-x86_64-debian-gcc | 1.3.0 | 82.69 | 275.89 | 358.58 | OK | |
r-devel-linux-x86_64-fedora-clang | 1.3.0 | 658.55 | OK | |||
r-devel-linux-x86_64-fedora-gcc | 1.3.0 | 650.96 | OK | |||
r-devel-windows-x86_64 | 1.3.0 | 95.00 | 290.00 | 385.00 | NOTE | |
r-patched-linux-x86_64 | 1.3.0 | 90.48 | 345.13 | 435.61 | OK | |
r-release-linux-x86_64 | 1.3.0 | 80.73 | 347.01 | 427.74 | OK | |
r-release-macos-arm64 | 1.3.0 | 173.00 | NOTE | |||
r-release-macos-x86_64 | 1.3.0 | 6.00 | ERROR | |||
r-release-windows-x86_64 | 1.3.0 | 117.00 | 366.00 | 483.00 | NOTE | |
r-oldrel-macos-arm64 | 1.3.0 | 9.00 | ERROR | |||
r-oldrel-macos-x86_64 | 1.3.0 | 198.00 | NOTE | |||
r-oldrel-windows-x86_64 | 1.3.0 | 101.00 | 353.00 | 454.00 | NOTE |
Version: 1.3.0
Check: package dependencies
Result: NOTE
Package suggested but not available for checking: 'doMC'
Flavors: r-devel-windows-x86_64, r-release-windows-x86_64, r-oldrel-windows-x86_64
Version: 1.3.0
Check: installed package size
Result: NOTE
installed size is 7.0Mb
sub-directories of 1Mb or more:
libs 5.2Mb
Flavors: r-release-macos-arm64, r-oldrel-macos-x86_64
Version: 1.3.0
Check: package dependencies
Result: ERROR
Packages required but not available: 'SeqVarTools', 'GMMAT'
See section ‘The DESCRIPTION file’ in the ‘Writing R Extensions’
manual.
Flavor: r-release-macos-x86_64
Version: 1.3.0
Check: package dependencies
Result: ERROR
Packages required but not available: 'SeqArray', 'GMMAT'
See section ‘The DESCRIPTION file’ in the ‘Writing R Extensions’
manual.
Flavor: r-oldrel-macos-arm64