Last updated on 2024-03-28 19:48:36 CET.
Flavor | Version | Tinstall | Tcheck | Ttotal | Status | Flags |
---|---|---|---|---|---|---|
r-devel-linux-x86_64-debian-clang | 1.3.2 | 89.02 | 200.95 | 289.97 | OK | |
r-devel-linux-x86_64-debian-gcc | 1.3.2 | 67.08 | 155.96 | 223.04 | OK | |
r-devel-linux-x86_64-fedora-clang | 1.3.2 | 280.42 | NOTE | |||
r-devel-linux-x86_64-fedora-gcc | 1.3.2 | 391.73 | OK | |||
r-devel-windows-x86_64 | 1.3.2 | 81.00 | 199.00 | 280.00 | NOTE | |
r-patched-linux-x86_64 | 1.3.2 | 76.55 | 193.27 | 269.82 | OK | |
r-release-linux-x86_64 | 1.3.2 | 78.06 | 200.84 | 278.90 | OK | |
r-release-macos-arm64 | 1.3.2 | 122.00 | NOTE | |||
r-release-macos-x86_64 | 1.3.2 | 277.00 | NOTE | |||
r-release-windows-x86_64 | 1.3.2 | 96.00 | 243.00 | 339.00 | NOTE | |
r-oldrel-macos-arm64 | 1.3.2 | 74.00 | NOTE | |||
r-oldrel-windows-x86_64 | 1.3.2 | 81.00 | 235.00 | 316.00 | NOTE |
Version: 1.3.2
Check: package dependencies
Result: NOTE
Packages suggested but not available for checking:
'SeqArray', 'SeqVarTools'
Flavor: r-devel-linux-x86_64-fedora-clang
Version: 1.3.2
Check: package dependencies
Result: NOTE
Package suggested but not available for checking: 'doMC'
Flavors: r-devel-windows-x86_64, r-release-windows-x86_64, r-oldrel-windows-x86_64
Version: 1.3.2
Check: installed package size
Result: NOTE
installed size is 6.7Mb
sub-directories of 1Mb or more:
libs 5.0Mb
Flavors: r-release-macos-arm64, r-release-macos-x86_64, r-oldrel-macos-arm64
Version: 1.3.2
Check: package dependencies
Result: NOTE
Package suggested but not available for checking: ‘SeqVarTools’
Flavor: r-release-macos-x86_64
Version: 1.3.2
Check: package dependencies
Result: NOTE
Package suggested but not available for checking: ‘SeqArray’
Flavor: r-oldrel-macos-arm64