Last updated on 2024-04-23 07:51:09 CEST.
Flavor | Version | Tinstall | Tcheck | Ttotal | Status | Flags |
---|---|---|---|---|---|---|
r-devel-linux-x86_64-debian-clang | 1.0 | 5.29 | 50.98 | 56.27 | NOTE | |
r-devel-linux-x86_64-debian-gcc | 1.0 | 4.18 | 37.14 | 41.32 | NOTE | |
r-devel-linux-x86_64-fedora-clang | 1.0 | 73.00 | NOTE | |||
r-devel-linux-x86_64-fedora-gcc | 1.0 | 78.02 | NOTE | |||
r-prerel-macos-arm64 | 1.0 | 30.00 | NOTE | |||
r-prerel-windows-x86_64 | 1.0 | 7.00 | 60.00 | 67.00 | NOTE | |
r-patched-linux-x86_64 | 1.0 | 5.73 | 48.16 | 53.89 | NOTE | |
r-release-linux-x86_64 | 1.0 | 4.55 | 47.11 | 51.66 | NOTE | |
r-release-macos-arm64 | 1.0 | 32.00 | NOTE | |||
r-release-macos-x86_64 | 1.0 | 45.00 | NOTE | |||
r-release-windows-x86_64 | 1.0 | 7.00 | 65.00 | 72.00 | NOTE | |
r-oldrel-macos-arm64 | 1.0 | 25.00 | NOTE | |||
r-oldrel-windows-x86_64 | 1.0 | 8.00 | 68.00 | 76.00 | NOTE |
Version: 1.0
Check: LazyData
Result: NOTE
'LazyData' is specified without a 'data' directory
Flavors: r-devel-linux-x86_64-debian-clang, r-devel-linux-x86_64-debian-gcc, r-devel-linux-x86_64-fedora-clang, r-devel-linux-x86_64-fedora-gcc, r-prerel-macos-arm64, r-prerel-windows-x86_64, r-patched-linux-x86_64, r-release-linux-x86_64, r-release-macos-arm64, r-release-macos-x86_64, r-release-windows-x86_64, r-oldrel-macos-arm64, r-oldrel-windows-x86_64