CRAN Package Check Results for Package M2SMJF

Last updated on 2023-05-29 20:00:27 CEST.

Flavor Version Tinstall Tcheck Ttotal Status Flags
r-devel-linux-x86_64-debian-clang 1.0 4.82 48.95 53.77 NOTE
r-devel-linux-x86_64-debian-gcc 1.0 4.12 35.60 39.72 NOTE
r-devel-linux-x86_64-fedora-clang 1.0 66.29 NOTE
r-devel-linux-x86_64-fedora-gcc 1.0 82.78 NOTE
r-devel-windows-x86_64 1.0 6.00 59.00 65.00 NOTE
r-patched-linux-x86_64 1.0 4.83 45.98 50.81 NOTE
r-release-linux-x86_64 1.0 4.71 45.74 50.45 NOTE
r-release-macos-arm64 1.0 32.00 NOTE
r-release-macos-x86_64 1.0 45.00 NOTE
r-release-windows-x86_64 1.0 8.00 64.00 72.00 NOTE
r-oldrel-macos-arm64 1.0 25.00 NOTE
r-oldrel-macos-x86_64 1.0 45.00 NOTE
r-oldrel-windows-x86_64 1.0 7.00 67.00 74.00 NOTE

Check Details

Version: 1.0
Check: LazyData
Result: NOTE
     'LazyData' is specified without a 'data' directory
Flavors: r-devel-linux-x86_64-debian-clang, r-devel-linux-x86_64-debian-gcc, r-devel-linux-x86_64-fedora-clang, r-devel-linux-x86_64-fedora-gcc, r-devel-windows-x86_64, r-patched-linux-x86_64, r-release-linux-x86_64, r-release-macos-arm64, r-release-macos-x86_64, r-release-windows-x86_64, r-oldrel-macos-arm64, r-oldrel-macos-x86_64, r-oldrel-windows-x86_64