Last updated on 2024-04-19 07:56:46 CEST.
Flavor | Version | Tinstall | Tcheck | Ttotal | Status | Flags |
---|---|---|---|---|---|---|
r-devel-linux-x86_64-debian-clang | 2.0 | 6.01 | 49.36 | 55.37 | NOTE | |
r-devel-linux-x86_64-debian-gcc | 2.0 | NOTE | ||||
r-devel-linux-x86_64-fedora-clang | 2.0 | 70.87 | NOTE | |||
r-devel-linux-x86_64-fedora-gcc | 2.0 | 77.52 | NOTE | |||
r-prerel-macos-arm64 | 2.0 | 29.00 | NOTE | |||
r-prerel-windows-x86_64 | 2.0 | 6.00 | 61.00 | 67.00 | NOTE | |
r-patched-linux-x86_64 | 2.0 | 5.46 | 47.26 | 52.72 | NOTE | |
r-release-linux-x86_64 | 2.0 | 3.50 | 47.78 | 51.28 | NOTE | |
r-release-macos-arm64 | 2.0 | 32.00 | NOTE | |||
r-release-macos-x86_64 | 2.0 | 44.00 | NOTE | |||
r-release-windows-x86_64 | 2.0 | 8.00 | 62.00 | 70.00 | NOTE | |
r-oldrel-macos-arm64 | 2.0 | 28.00 | NOTE | |||
r-oldrel-windows-x86_64 | 2.0 | 8.00 | 66.00 | 74.00 | NOTE |
Version: 2.0
Check: LazyData
Result: NOTE
'LazyData' is specified without a 'data' directory
Flavors: r-devel-linux-x86_64-debian-clang, r-devel-linux-x86_64-debian-gcc, r-devel-linux-x86_64-fedora-clang, r-devel-linux-x86_64-fedora-gcc, r-prerel-macos-arm64, r-prerel-windows-x86_64, r-patched-linux-x86_64, r-release-linux-x86_64, r-release-macos-arm64, r-release-macos-x86_64, r-release-windows-x86_64, r-oldrel-macos-arm64, r-oldrel-windows-x86_64