Last updated on 2023-05-31 20:57:12 CEST.
Flavor | Version | Tinstall | Tcheck | Ttotal | Status | Flags |
---|---|---|---|---|---|---|
r-devel-linux-x86_64-debian-clang | 2.0 | 5.30 | 48.11 | 53.41 | NOTE | |
r-devel-linux-x86_64-debian-gcc | 2.0 | 3.09 | 36.21 | 39.30 | NOTE | |
r-devel-linux-x86_64-fedora-clang | 2.0 | 66.32 | NOTE | |||
r-devel-linux-x86_64-fedora-gcc | 2.0 | 83.96 | NOTE | |||
r-devel-windows-x86_64 | 2.0 | 6.00 | 59.00 | 65.00 | NOTE | |
r-patched-linux-x86_64 | 2.0 | NOTE | ||||
r-release-linux-x86_64 | 2.0 | 4.93 | 46.12 | 51.05 | NOTE | |
r-release-macos-arm64 | 2.0 | 32.00 | NOTE | |||
r-release-macos-x86_64 | 2.0 | 44.00 | NOTE | |||
r-release-windows-x86_64 | 2.0 | 8.00 | 64.00 | 72.00 | NOTE | |
r-oldrel-macos-arm64 | 2.0 | 28.00 | NOTE | |||
r-oldrel-macos-x86_64 | 2.0 | 45.00 | NOTE | |||
r-oldrel-windows-x86_64 | 2.0 | 9.00 | 68.00 | 77.00 | NOTE |
Version: 2.0
Check: LazyData
Result: NOTE
'LazyData' is specified without a 'data' directory
Flavors: r-devel-linux-x86_64-debian-clang, r-devel-linux-x86_64-debian-gcc, r-devel-linux-x86_64-fedora-clang, r-devel-linux-x86_64-fedora-gcc, r-devel-windows-x86_64, r-patched-linux-x86_64, r-release-linux-x86_64, r-release-macos-arm64, r-release-macos-x86_64, r-release-windows-x86_64, r-oldrel-macos-arm64, r-oldrel-macos-x86_64, r-oldrel-windows-x86_64