Last updated on 2023-06-05 20:57:42 CEST.
Flavor | Version | Tinstall | Tcheck | Ttotal | Status | Flags |
---|---|---|---|---|---|---|
r-devel-linux-x86_64-debian-clang | 0.9.21 | 109.53 | 360.63 | 470.16 | OK | |
r-devel-linux-x86_64-debian-gcc | 0.9.21 | 83.75 | 261.35 | 345.10 | OK | |
r-devel-linux-x86_64-fedora-clang | 0.9.21 | 618.14 | OK | |||
r-devel-linux-x86_64-fedora-gcc | 0.9.21 | 574.66 | OK | |||
r-devel-windows-x86_64 | 0.9.21 | 82.00 | 315.00 | 397.00 | OK | |
r-patched-linux-x86_64 | 0.9.21 | 106.23 | 333.65 | 439.88 | OK | |
r-release-linux-x86_64 | 0.9.21 | 91.67 | 338.30 | 429.97 | OK | |
r-release-macos-arm64 | 0.9.21 | 137.00 | NOTE | |||
r-release-macos-x86_64 | 0.9.21 | 234.00 | NOTE | |||
r-release-windows-x86_64 | 0.9.21 | 113.00 | 401.00 | 514.00 | OK | |
r-oldrel-macos-arm64 | 0.9.21 | 120.00 | NOTE | |||
r-oldrel-macos-x86_64 | 0.9.21 | 170.00 | NOTE | |||
r-oldrel-windows-x86_64 | 0.9.21 | 116.00 | 342.00 | 458.00 | OK |
Version: 0.9.21
Check: installed package size
Result: NOTE
installed size is 6.1Mb
sub-directories of 1Mb or more:
R 2.0Mb
libs 2.0Mb
Flavors: r-release-macos-arm64, r-release-macos-x86_64, r-oldrel-macos-arm64, r-oldrel-macos-x86_64