Last updated on 2023-06-02 07:55:26 CEST.
Flavor | Version | Tinstall | Tcheck | Ttotal | Status | Flags |
---|---|---|---|---|---|---|
r-devel-linux-x86_64-debian-clang | 1.6-8 | 26.30 | 93.23 | 119.53 | OK | |
r-devel-linux-x86_64-debian-gcc | 1.6-8 | 18.95 | 70.58 | 89.53 | OK | |
r-devel-linux-x86_64-fedora-clang | 1.6-8 | 147.21 | NOTE | |||
r-devel-linux-x86_64-fedora-gcc | 1.6-8 | 173.51 | OK | |||
r-devel-windows-x86_64 | 1.6-8 | 34.00 | 122.00 | 156.00 | OK | |
r-patched-linux-x86_64 | 1.6-8 | OK | ||||
r-release-linux-x86_64 | 1.6-8 | 20.16 | 89.78 | 109.94 | OK | |
r-release-macos-arm64 | 1.6-8 | 68.00 | OK | |||
r-release-macos-x86_64 | 1.6-8 | 127.00 | OK | |||
r-release-windows-x86_64 | 1.6-8 | 41.00 | 130.00 | 171.00 | OK | |
r-oldrel-macos-arm64 | 1.6-8 | 93.00 | OK | |||
r-oldrel-macos-x86_64 | 1.6-8 | 129.00 | OK | |||
r-oldrel-windows-x86_64 | 1.6-8 | 29.00 | 128.00 | 157.00 | OK |
Version: 1.6-8
Check: Rd cross-references
Result: NOTE
Undeclared package ‘colorspace’ in Rd xrefs
Flavor: r-devel-linux-x86_64-fedora-clang