Last updated on 2023-05-29 20:00:27 CEST.
Flavor | Version | Tinstall | Tcheck | Ttotal | Status | Flags |
---|---|---|---|---|---|---|
r-devel-linux-x86_64-debian-clang | 1.2.2 | 3.74 | 35.20 | 38.94 | NOTE | |
r-devel-linux-x86_64-debian-gcc | 1.2.2 | 3.26 | 27.98 | 31.24 | NOTE | |
r-devel-linux-x86_64-fedora-clang | 1.2.2 | 50.71 | NOTE | |||
r-devel-linux-x86_64-fedora-gcc | 1.2.2 | 54.33 | NOTE | |||
r-devel-windows-x86_64 | 1.2.2 | 6.00 | 65.00 | 71.00 | NOTE | |
r-patched-linux-x86_64 | 1.2.2 | 6.35 | 34.53 | 40.88 | NOTE | |
r-release-linux-x86_64 | 1.2.2 | 3.30 | 34.96 | 38.26 | NOTE | |
r-release-macos-arm64 | 1.2.2 | 23.00 | NOTE | |||
r-release-macos-x86_64 | 1.2.2 | 32.00 | NOTE | |||
r-release-windows-x86_64 | 1.2.2 | 6.00 | 71.00 | 77.00 | NOTE | |
r-oldrel-macos-arm64 | 1.2.2 | 21.00 | OK | |||
r-oldrel-macos-x86_64 | 1.2.2 | 27.00 | OK | |||
r-oldrel-windows-x86_64 | 1.2.2 | 10.00 | 56.00 | 66.00 | OK |
Version: 1.2.2
Check: Rd files
Result: NOTE
checkRd: (-1) ACS.Rd:13: Escaped LaTeX specials: \$
checkRd: (-1) EmployedACS.Rd:14: Escaped LaTeX specials: \$
checkRd: (-1) HomesForSale.Rd:11: Escaped LaTeX specials: \$
checkRd: (-1) HomesForSaleCA.Rd:11: Escaped LaTeX specials: \$
checkRd: (-1) HomesForSaleCanton.Rd:9: Escaped LaTeX specials: \$
checkRd: (-1) HomesForSaleNY.Rd:11: Escaped LaTeX specials: \$
checkRd: (-1) MustangPrice.Rd:13: Escaped LaTeX specials: \$
checkRd: (-1) MustangPrice.Rd:24: Escaped LaTeX specials: \$
checkRd: (-1) SalaryGender.Rd:9: Escaped LaTeX specials: \$
checkRd: (-1) SandP500.Rd:6: Escaped LaTeX specials: \&
checkRd: (-1) SandP500.Rd:24: Escaped LaTeX specials: \&
checkRd: (-1) SandP500.Rd:27: Escaped LaTeX specials: \&
checkRd: (-1) SandwichAnts.Rd:32: Escaped LaTeX specials: \&
checkRd: (-1) SandwichAnts2.Rd:32: Escaped LaTeX specials: \&
checkRd: (-1) StockChanges.Rd:11: Escaped LaTeX specials: \&
checkRd: (-1) StockChanges.Rd:15: Escaped LaTeX specials: \&
checkRd: (-1) TrafficFlow.Rd:18: Escaped LaTeX specials: \#
Flavors: r-devel-linux-x86_64-debian-clang, r-devel-linux-x86_64-debian-gcc, r-devel-linux-x86_64-fedora-clang, r-devel-linux-x86_64-fedora-gcc, r-devel-windows-x86_64, r-patched-linux-x86_64, r-release-linux-x86_64, r-release-macos-arm64, r-release-macos-x86_64, r-release-windows-x86_64