Last updated on 2024-04-19 19:50:17 CEST.
Flavor | Version | Tinstall | Tcheck | Ttotal | Status | Flags |
---|---|---|---|---|---|---|
r-devel-linux-x86_64-debian-clang | 1.2.2 | 13.07 | 102.72 | 115.79 | OK | |
r-devel-linux-x86_64-debian-gcc | 1.2.2 | OK | ||||
r-devel-linux-x86_64-fedora-clang | 1.2.2 | 153.62 | NOTE | |||
r-devel-linux-x86_64-fedora-gcc | 1.2.2 | 143.34 | NOTE | |||
r-prerel-macos-arm64 | 1.2.2 | 41.00 | OK | |||
r-prerel-windows-x86_64 | 1.2.2 | 11.00 | 93.00 | 104.00 | OK | |
r-patched-linux-x86_64 | 1.2.2 | 10.52 | 99.02 | 109.54 | OK | |
r-release-linux-x86_64 | 1.2.2 | 8.38 | 101.51 | 109.89 | OK | |
r-release-macos-arm64 | 1.2.2 | 44.00 | OK | |||
r-release-macos-x86_64 | 1.2.2 | 58.00 | OK | |||
r-release-windows-x86_64 | 1.2.2 | 16.00 | 111.00 | 127.00 | OK | |
r-oldrel-macos-arm64 | 1.2.2 | 43.00 | NOTE | |||
r-oldrel-windows-x86_64 | 1.2.2 | 16.00 | 117.00 | 133.00 | OK |
Version: 1.2.2
Check: dependencies in R code
Result: NOTE
Namespaces in Imports field not imported from:
‘SnowballC’ ‘data.table’ ‘e1071’ ‘fastmatch’
All declared Imports should be used.
Flavors: r-devel-linux-x86_64-fedora-clang, r-devel-linux-x86_64-fedora-gcc, r-oldrel-macos-arm64