CRAN Package Check Results for Package LassoGEE

Last updated on 2023-05-30 09:00:38 CEST.

Flavor Version Tinstall Tcheck Ttotal Status Flags
r-devel-linux-x86_64-debian-clang 1.0 43.90 137.11 181.01 NOTE
r-devel-linux-x86_64-debian-gcc 1.0 38.19 101.95 140.14 NOTE
r-devel-linux-x86_64-fedora-clang 1.0 238.28 NOTE
r-devel-linux-x86_64-fedora-gcc 1.0 259.94 NOTE
r-devel-windows-x86_64 1.0 36.00 134.00 170.00 NOTE
r-patched-linux-x86_64 1.0 33.70 128.79 162.49 NOTE
r-release-linux-x86_64 1.0 29.36 128.77 158.13 NOTE
r-release-macos-arm64 1.0 68.00 NOTE
r-release-macos-x86_64 1.0 110.00 NOTE
r-release-windows-x86_64 1.0 50.00 161.00 211.00 NOTE
r-oldrel-macos-arm64 1.0 60.00 NOTE
r-oldrel-macos-x86_64 1.0 100.00 NOTE
r-oldrel-windows-x86_64 1.0 50.00 152.00 202.00 NOTE

Check Details

Version: 1.0
Check: C++ specification
Result: NOTE
     Specified C++11: please drop specification unless essential
Flavors: r-devel-linux-x86_64-debian-clang, r-devel-linux-x86_64-debian-gcc, r-devel-linux-x86_64-fedora-clang, r-devel-linux-x86_64-fedora-gcc, r-devel-windows-x86_64, r-patched-linux-x86_64, r-release-linux-x86_64, r-release-macos-arm64, r-release-macos-x86_64, r-release-windows-x86_64

Version: 1.0
Check: LazyData
Result: NOTE
     'LazyData' is specified without a 'data' directory
Flavors: r-devel-linux-x86_64-debian-clang, r-devel-linux-x86_64-debian-gcc, r-devel-linux-x86_64-fedora-clang, r-devel-linux-x86_64-fedora-gcc, r-devel-windows-x86_64, r-patched-linux-x86_64, r-release-linux-x86_64, r-release-macos-arm64, r-release-macos-x86_64, r-release-windows-x86_64, r-oldrel-macos-arm64, r-oldrel-macos-x86_64, r-oldrel-windows-x86_64