CRAN Package Check Results for Package Lahman

Last updated on 2023-06-03 19:57:17 CEST.

Flavor Version Tinstall Tcheck Ttotal Status Flags
r-devel-linux-x86_64-debian-clang 11.0-0 46.58 102.76 149.34 OK
r-devel-linux-x86_64-debian-gcc 11.0-0 41.63 81.02 122.65 OK
r-devel-linux-x86_64-fedora-clang 11.0-0 195.09 NOTE
r-devel-linux-x86_64-fedora-gcc 11.0-0 219.31 OK
r-devel-windows-x86_64 11.0-0 43.00 116.00 159.00 NOTE
r-patched-linux-x86_64 11.0-0 OK
r-release-linux-x86_64 11.0-0 40.67 99.38 140.05 OK
r-release-macos-arm64 11.0-0 86.00 NOTE
r-release-macos-x86_64 10.0-1 124.00 NOTE
r-release-windows-x86_64 11.0-0 55.00 138.00 193.00 NOTE
r-oldrel-macos-arm64 11.0-0 78.00 NOTE
r-oldrel-macos-x86_64 11.0-0 93.00 NOTE
r-oldrel-windows-x86_64 11.0-0 55.00 136.00 191.00 NOTE

Check Details

Version: 11.0-0
Check: installed package size
Result: NOTE
     installed size is 6.4Mb
     sub-directories of 1Mb or more:
     data 5.6Mb
Flavors: r-devel-linux-x86_64-fedora-clang, r-devel-windows-x86_64, r-release-macos-arm64, r-release-windows-x86_64, r-oldrel-macos-arm64, r-oldrel-macos-x86_64, r-oldrel-windows-x86_64

Version: 11.0-0
Check: Rd cross-references
Result: NOTE
    Undeclared package ‘plyr’ in Rd xrefs
Flavor: r-devel-linux-x86_64-fedora-clang

Version: 10.0-1
Check: installed package size
Result: NOTE
     installed size is 6.8Mb
     sub-directories of 1Mb or more:
     data 6.0Mb
Flavor: r-release-macos-x86_64