Last updated on 2024-03-28 19:48:36 CET.
Flavor | Version | Tinstall | Tcheck | Ttotal | Status | Flags |
---|---|---|---|---|---|---|
r-devel-linux-x86_64-debian-clang | 2.1 | 6.64 | 77.95 | 84.59 | NOTE | |
r-devel-linux-x86_64-debian-gcc | 2.1 | 4.66 | 58.11 | 62.77 | NOTE | |
r-devel-linux-x86_64-fedora-clang | 2.1 | 102.55 | NOTE | |||
r-devel-linux-x86_64-fedora-gcc | 2.1 | 104.13 | NOTE | |||
r-devel-windows-x86_64 | 2.1 | 7.00 | 74.00 | 81.00 | NOTE | |
r-patched-linux-x86_64 | 2.1 | 4.78 | 75.81 | 80.59 | NOTE | |
r-release-linux-x86_64 | 2.1 | 6.44 | 74.51 | 80.95 | NOTE | |
r-release-macos-arm64 | 2.1 | 34.00 | NOTE | |||
r-release-macos-x86_64 | 2.1 | 52.00 | NOTE | |||
r-release-windows-x86_64 | 2.1 | 9.00 | 88.00 | 97.00 | NOTE | |
r-oldrel-macos-arm64 | 2.1 | 30.00 | NOTE | |||
r-oldrel-windows-x86_64 | 2.1 | 8.00 | 89.00 | 97.00 | OK |
Version: 2.1
Check: Rd files
Result: NOTE
checkRd: (-1) LS.kalman.Rd:65: Escaped LaTeX specials: \&
checkRd: (-1) spectral.density.Rd:55: Escaped LaTeX specials: \&
Flavors: r-devel-linux-x86_64-debian-clang, r-devel-linux-x86_64-debian-gcc, r-devel-linux-x86_64-fedora-clang, r-devel-linux-x86_64-fedora-gcc, r-devel-windows-x86_64, r-patched-linux-x86_64, r-release-linux-x86_64, r-release-macos-arm64, r-release-macos-x86_64, r-release-windows-x86_64
Version: 2.1
Check: dependencies in R code
Result: NOTE
Namespace in Imports field not imported from: ‘Rdpack’
All declared Imports should be used.
Flavors: r-devel-linux-x86_64-fedora-clang, r-devel-linux-x86_64-fedora-gcc, r-oldrel-macos-arm64