Last updated on 2024-03-29 07:54:47 CET.
Flavor | Version | Tinstall | Tcheck | Ttotal | Status | Flags |
---|---|---|---|---|---|---|
r-devel-linux-x86_64-debian-clang | 1.0-3 | 12.24 | 124.64 | 136.88 | NOTE | |
r-devel-linux-x86_64-debian-gcc | 1.0-3 | 10.27 | 95.34 | 105.61 | NOTE | |
r-devel-linux-x86_64-fedora-clang | 1.0-3 | 179.44 | NOTE | |||
r-devel-linux-x86_64-fedora-gcc | 1.0-3 | 174.02 | NOTE | |||
r-devel-windows-x86_64 | 1.0-3 | 13.00 | 116.00 | 129.00 | NOTE | |
r-patched-linux-x86_64 | 1.0-3 | 10.09 | 120.16 | 130.25 | NOTE | |
r-release-linux-x86_64 | 1.0-3 | 9.05 | 124.81 | 133.86 | NOTE | |
r-release-macos-arm64 | 1.0-3 | 57.00 | NOTE | |||
r-release-macos-x86_64 | 1.0-3 | 88.00 | NOTE | |||
r-release-windows-x86_64 | 1.0-3 | 17.00 | 138.00 | 155.00 | NOTE | |
r-oldrel-macos-arm64 | 1.0-3 | 49.00 | NOTE | |||
r-oldrel-windows-x86_64 | 1.0-3 | 19.00 | 139.00 | 158.00 | NOTE |
Version: 1.0-3
Check: package dependencies
Result: NOTE
Package suggested but not available for checking: ‘kerdiest’
Flavors: r-devel-linux-x86_64-debian-clang, r-devel-linux-x86_64-debian-gcc, r-devel-linux-x86_64-fedora-clang, r-devel-linux-x86_64-fedora-gcc, r-devel-windows-x86_64, r-patched-linux-x86_64, r-release-linux-x86_64, r-release-macos-arm64, r-release-windows-x86_64, r-oldrel-windows-x86_64
Version: 1.0-3
Check: data for non-ASCII characters
Result: NOTE
Note: found 55 marked UTF-8 strings
Flavors: r-devel-linux-x86_64-fedora-clang, r-devel-linux-x86_64-fedora-gcc, r-oldrel-macos-arm64
Version: 1.0-3
Check: package dependencies
Result: NOTE
Packages suggested but not available for checking:
'sirt', 'kerdiest', 'car', 'mitml'
Flavor: r-release-macos-x86_64
Version: 1.0-3
Check: package dependencies
Result: NOTE
Package suggested but not available for checking: ‘miceadds’
Flavor: r-oldrel-macos-arm64