Last updated on 2023-10-03 08:04:54 CEST.
Flavor | Version | Tinstall | Tcheck | Ttotal | Status | Flags |
---|---|---|---|---|---|---|
r-devel-linux-x86_64-debian-clang | 2.0 | 10.55 | 157.10 | 167.65 | OK | |
r-devel-linux-x86_64-debian-gcc | 2.0 | 8.44 | 119.25 | 127.69 | OK | |
r-devel-linux-x86_64-fedora-clang | 2.0 | 206.40 | NOTE | |||
r-devel-linux-x86_64-fedora-gcc | 2.0 | 232.42 | NOTE | |||
r-devel-windows-x86_64 | 2.0 | 11.00 | 195.00 | 206.00 | OK | |
r-patched-linux-x86_64 | 2.0 | 11.63 | 154.54 | 166.17 | OK | |
r-release-linux-x86_64 | 2.0 | 8.77 | 153.83 | 162.60 | OK | |
r-release-macos-arm64 | 2.0 | 61.00 | OK | |||
r-release-macos-x86_64 | 2.0 | 109.00 | OK | |||
r-release-windows-x86_64 | 2.0 | 14.00 | 164.00 | 178.00 | OK | |
r-oldrel-macos-arm64 | 2.0 | 62.00 | NOTE | |||
r-oldrel-macos-x86_64 | 2.0 | 81.00 | NOTE | |||
r-oldrel-windows-x86_64 | 2.0 | 14.00 | 155.00 | 169.00 | OK |
Version: 2.0
Check: dependencies in R code
Result: NOTE
Namespace in Imports field not imported from: ‘robustbase’
All declared Imports should be used.
Flavors: r-devel-linux-x86_64-fedora-clang, r-devel-linux-x86_64-fedora-gcc, r-oldrel-macos-arm64, r-oldrel-macos-x86_64