Last updated on 2023-06-10 08:53:18 CEST.
Flavor | Version | Tinstall | Tcheck | Ttotal | Status | Flags |
---|---|---|---|---|---|---|
r-devel-linux-x86_64-debian-clang | 2.1.0 | 294.04 | 158.64 | 452.68 | OK | |
r-devel-linux-x86_64-debian-gcc | 2.1.0 | 209.03 | 115.97 | 325.00 | OK | |
r-devel-linux-x86_64-fedora-clang | 2.1.0 | 598.68 | OK | |||
r-devel-linux-x86_64-fedora-gcc | 2.1.0 | 637.13 | OK | |||
r-devel-windows-x86_64 | 2.1.0 | 199.00 | 164.00 | 363.00 | OK | |
r-patched-linux-x86_64 | 2.1.0 | 218.31 | 150.31 | 368.62 | OK | |
r-release-linux-x86_64 | 2.1.0 | 231.21 | 148.06 | 379.27 | OK | |
r-release-macos-arm64 | 2.1.0 | 162.00 | NOTE | |||
r-release-macos-x86_64 | 2.1.0 | 269.00 | NOTE | |||
r-release-windows-x86_64 | 2.1.0 | 248.00 | 208.00 | 456.00 | OK | |
r-oldrel-macos-arm64 | 2.1.0 | 118.00 | NOTE | |||
r-oldrel-macos-x86_64 | 2.1.0 | 168.00 | NOTE | |||
r-oldrel-windows-x86_64 | 2.1.0 | 237.00 | 197.00 | 434.00 | OK |
Version: 2.1.0
Check: installed package size
Result: NOTE
installed size is 13.5Mb
sub-directories of 1Mb or more:
doc 2.4Mb
libs 10.9Mb
Flavors: r-release-macos-arm64, r-release-macos-x86_64, r-oldrel-macos-arm64, r-oldrel-macos-x86_64