Last updated on 2023-12-04 07:50:59 CET.
Flavor | Version | Tinstall | Tcheck | Ttotal | Status | Flags |
---|---|---|---|---|---|---|
r-devel-linux-x86_64-debian-clang | 1.4.2 | 6.02 | 73.17 | 79.19 | NOTE | |
r-devel-linux-x86_64-debian-gcc | 1.4.2 | 5.75 | 54.52 | 60.27 | NOTE | |
r-devel-linux-x86_64-fedora-clang | 1.4.2 | 99.42 | OK | |||
r-devel-linux-x86_64-fedora-gcc | 1.4.2 | 93.47 | OK | |||
r-devel-windows-x86_64 | 1.4.2 | 7.00 | 80.00 | 87.00 | OK | |
r-patched-linux-x86_64 | 1.4.2 | 10.18 | 71.04 | 81.22 | OK | |
r-release-linux-x86_64 | 1.4.2 | 7.41 | 71.60 | 79.01 | OK | |
r-release-macos-arm64 | 1.4.2 | 33.00 | OK | |||
r-release-macos-x86_64 | 1.4.2 | 50.00 | OK | |||
r-release-windows-x86_64 | 1.4.2 | 9.00 | 93.00 | 102.00 | OK | |
r-oldrel-macos-arm64 | 1.4.2 | 35.00 | OK | |||
r-oldrel-macos-x86_64 | 1.4.2 | 40.00 | OK | |||
r-oldrel-windows-x86_64 | 1.4.2 | 9.00 | 91.00 | 100.00 | OK |
Version: 1.4.2
Check: Rd files
Result: NOTE
checkRd: (-1) EGIparallel.Rd:60: Lost braces; missing escapes or markup?
60 | Finally, one can control the field {optim.option} in order to decide how to optimize the sampling criterion.
| ^
checkRd: (-1) max_sur_parallel.Rd:29: Lost braces; missing escapes or markup?
29 | Finally, one can control the field {optim.option} in order to decide how to optimize the sampling criterion.
| ^
checkRd: (-1) max_timse_parallel.Rd:30: Lost braces; missing escapes or markup?
30 | Finally, one can control the field {optim.option} in order to decide how to optimize the sampling criterion.
| ^
checkRd: (-1) max_vorob_parallel.Rd:30: Lost braces; missing escapes or markup?
30 | Finally, one can control the field {optim.option} in order to decide how to optimize the sampling criterion.
| ^
checkRd: (-1) print_uncertainty_nd.Rd:72: Lost braces
72 | Optional argument. When set to code{NULL} (default) the function performs the projections on plans spanned by each pair (i,j) of dimension. Otherwise, the argument is an array of size 2 corresponding to the dimensions spanning the (only) plan on which the projection is performed.
| ^
Flavors: r-devel-linux-x86_64-debian-clang, r-devel-linux-x86_64-debian-gcc