CRAN Package Check Results for Package KernelKnn

Last updated on 2023-05-29 20:00:26 CEST.

Flavor Version Tinstall Tcheck Ttotal Status Flags
r-devel-linux-x86_64-debian-clang 1.1.5 36.62 90.34 126.96 NOTE
r-devel-linux-x86_64-debian-gcc 1.1.5 29.21 65.31 94.52 NOTE
r-devel-linux-x86_64-fedora-clang 1.1.5 164.97 NOTE
r-devel-linux-x86_64-fedora-gcc 1.1.5 180.40 NOTE
r-devel-windows-x86_64 1.1.5 31.00 109.00 140.00 NOTE
r-patched-linux-x86_64 1.1.5 33.25 84.68 117.93 NOTE
r-release-linux-x86_64 1.1.5 29.36 84.37 113.73 NOTE
r-release-macos-arm64 1.1.5 58.00 NOTE
r-release-macos-x86_64 1.1.5 91.00 NOTE
r-release-windows-x86_64 1.1.5 39.00 131.00 170.00 NOTE
r-oldrel-macos-arm64 1.1.5 48.00 OK
r-oldrel-macos-x86_64 1.1.5 64.00 OK
r-oldrel-windows-x86_64 1.1.5 37.00 124.00 161.00 OK

Check Details

Version: 1.1.5
Check: C++ specification
Result: NOTE
     Specified C++11: please drop specification unless essential
Flavors: r-devel-linux-x86_64-debian-clang, r-devel-linux-x86_64-debian-gcc, r-devel-linux-x86_64-fedora-clang, r-devel-linux-x86_64-fedora-gcc, r-devel-windows-x86_64, r-patched-linux-x86_64, r-release-linux-x86_64, r-release-macos-arm64, r-release-macos-x86_64, r-release-windows-x86_64