Last updated on 2023-06-03 08:05:46 CEST.
Flavor | Version | Tinstall | Tcheck | Ttotal | Status | Flags |
---|---|---|---|---|---|---|
r-devel-linux-x86_64-debian-clang | 6.4 | 30.39 | 53.22 | 83.61 | OK | |
r-devel-linux-x86_64-debian-gcc | 6.4 | 26.21 | 40.48 | 66.69 | OK | |
r-devel-linux-x86_64-fedora-clang | 6.4 | 120.00 | NOTE | |||
r-devel-linux-x86_64-fedora-gcc | 6.4 | 124.40 | NOTE | |||
r-devel-windows-x86_64 | 6.4 | 31.00 | 78.00 | 109.00 | OK | |
r-patched-linux-x86_64 | 6.4 | OK | ||||
r-release-linux-x86_64 | 6.4 | 21.44 | 51.79 | 73.23 | OK | |
r-release-macos-arm64 | 6.4 | 36.00 | OK | |||
r-release-macos-x86_64 | 6.4 | 53.00 | OK | |||
r-release-windows-x86_64 | 6.4 | 36.00 | 89.00 | 125.00 | OK | |
r-oldrel-macos-arm64 | 6.4 | 32.00 | OK | |||
r-oldrel-macos-x86_64 | 6.4 | 44.00 | OK | |||
r-oldrel-windows-x86_64 | 6.4 | 37.00 | 89.00 | 126.00 | OK |
Version: 6.4
Check: compiled code
Result: NOTE
File ‘KernSmoothIRT/libs/KernSmoothIRT.so’:
Found no calls to: ‘R_registerRoutines’, ‘R_useDynamicSymbols’
It is good practice to register native routines and to disable symbol
search.
See ‘Writing portable packages’ in the ‘Writing R Extensions’ manual.
Flavors: r-devel-linux-x86_64-fedora-clang, r-devel-linux-x86_64-fedora-gcc