CRAN Package Check Results for Package KenSyn

Last updated on 2023-10-01 08:52:02 CEST.

Flavor Version Tinstall Tcheck Ttotal Status Flags
r-devel-linux-x86_64-debian-clang 0.3 2.06 21.28 23.34 OK
r-devel-linux-x86_64-debian-gcc 0.3 2.01 16.89 18.90 OK
r-devel-linux-x86_64-fedora-clang 0.3 30.31 NOTE
r-devel-linux-x86_64-fedora-gcc 0.3 29.67 NOTE
r-devel-windows-x86_64 0.3 5.00 41.00 46.00 OK
r-patched-linux-x86_64 0.3 1.59 21.08 22.67 OK
r-release-linux-x86_64 0.3 1.62 21.06 22.68 OK
r-release-macos-arm64 0.3 18.00 OK
r-release-macos-x86_64 0.3 19.00 OK
r-release-windows-x86_64 0.3 4.00 39.00 43.00 OK
r-oldrel-macos-arm64 0.3 15.00 NOTE
r-oldrel-macos-x86_64 0.3 24.00 NOTE
r-oldrel-windows-x86_64 0.3 5.00 42.00 47.00 OK

Check Details

Version: 0.3
Check: dependencies in R code
Result: NOTE
    Namespaces in Imports field not imported from:
     ‘lme4’ ‘metafor’ ‘nlme’
     All declared Imports should be used.
Flavors: r-devel-linux-x86_64-fedora-clang, r-devel-linux-x86_64-fedora-gcc, r-oldrel-macos-arm64, r-oldrel-macos-x86_64