Last updated on 2024-03-28 07:52:52 CET.
Flavor | Version | Tinstall | Tcheck | Ttotal | Status | Flags |
---|---|---|---|---|---|---|
r-devel-linux-x86_64-debian-clang | 0.1.40 | 7.13 | 62.86 | 69.99 | OK | |
r-devel-linux-x86_64-debian-gcc | 0.1.40 | 6.37 | 47.09 | 53.46 | OK | |
r-devel-linux-x86_64-fedora-clang | 0.1.40 | 83.57 | NOTE | |||
r-devel-linux-x86_64-fedora-gcc | 0.1.40 | 83.11 | NOTE | |||
r-devel-windows-x86_64 | 0.1.40 | 7.00 | 65.00 | 72.00 | OK | |
r-patched-linux-x86_64 | 0.1.40 | 7.43 | 58.62 | 66.05 | OK | |
r-release-linux-x86_64 | 0.1.40 | 4.97 | 59.28 | 64.25 | OK | |
r-release-macos-arm64 | 0.1.40 | 30.00 | OK | |||
r-release-macos-x86_64 | 0.1.40 | 44.00 | OK | |||
r-release-windows-x86_64 | 0.1.40 | 11.00 | 72.00 | 83.00 | OK | |
r-oldrel-macos-arm64 | 0.1.40 | 29.00 | NOTE | |||
r-oldrel-windows-x86_64 | 0.1.40 | 12.00 | 78.00 | 90.00 | OK |
Version: 0.1.40
Check: dependencies in R code
Result: NOTE
Namespace in Imports field not imported from: ‘rmarkdown’
All declared Imports should be used.
Flavors: r-devel-linux-x86_64-fedora-clang, r-devel-linux-x86_64-fedora-gcc, r-oldrel-macos-arm64