Last updated on 2024-04-24 20:54:09 CEST.
Flavor | Version | Tinstall | Tcheck | Ttotal | Status | Flags |
---|---|---|---|---|---|---|
r-devel-linux-x86_64-debian-clang | 0.1 | 1.86 | 21.46 | 23.32 | NOTE | |
r-devel-linux-x86_64-debian-gcc | 0.1 | 1.58 | 17.05 | 18.63 | NOTE | |
r-devel-linux-x86_64-fedora-clang | 0.1 | 30.06 | NOTE | |||
r-devel-linux-x86_64-fedora-gcc | 0.1 | 28.30 | NOTE | |||
r-devel-windows-x86_64 | 0.1 | 2.00 | 38.00 | 40.00 | NOTE | |
r-patched-linux-x86_64 | 0.1 | 2.25 | 21.33 | 23.58 | NOTE | |
r-release-linux-x86_64 | 0.1 | 2.39 | 21.24 | 23.63 | NOTE | |
r-release-macos-arm64 | 0.1 | 18.00 | NOTE | |||
r-release-windows-x86_64 | 0.1 | 3.00 | 39.00 | 42.00 | NOTE | |
r-oldrel-macos-arm64 | 0.1 | 19.00 | NOTE | |||
r-oldrel-macos-x86_64 | 0.1 | 19.00 | NOTE | |||
r-oldrel-windows-x86_64 | 0.1 | 3.00 | 36.00 | 39.00 | NOTE |
Version: 0.1
Check: LazyData
Result: NOTE
'LazyData' is specified without a 'data' directory
Flavors: r-devel-linux-x86_64-debian-clang, r-devel-linux-x86_64-debian-gcc, r-devel-linux-x86_64-fedora-clang, r-devel-linux-x86_64-fedora-gcc, r-devel-windows-x86_64, r-patched-linux-x86_64, r-release-linux-x86_64, r-release-macos-arm64, r-release-windows-x86_64, r-oldrel-macos-arm64, r-oldrel-macos-x86_64, r-oldrel-windows-x86_64