Last updated on 2023-06-03 08:05:46 CEST.
Flavor | Version | Tinstall | Tcheck | Ttotal | Status | Flags |
---|---|---|---|---|---|---|
r-devel-linux-x86_64-debian-clang | 0.1 | 2.41 | 21.04 | 23.45 | NOTE | |
r-devel-linux-x86_64-debian-gcc | 0.1 | 1.50 | 16.92 | 18.42 | NOTE | |
r-devel-linux-x86_64-fedora-clang | 0.1 | 29.90 | NOTE | |||
r-devel-linux-x86_64-fedora-gcc | 0.1 | 31.09 | NOTE | |||
r-devel-windows-x86_64 | 0.1 | 2.00 | 38.00 | 40.00 | NOTE | |
r-patched-linux-x86_64 | 0.1 | NOTE | ||||
r-release-linux-x86_64 | 0.1 | 2.02 | 20.56 | 22.58 | NOTE | |
r-release-macos-arm64 | 0.1 | 18.00 | NOTE | |||
r-release-macos-x86_64 | 0.1 | 19.00 | NOTE | |||
r-release-windows-x86_64 | 0.1 | 3.00 | 38.00 | 41.00 | NOTE | |
r-oldrel-macos-arm64 | 0.1 | 19.00 | NOTE | |||
r-oldrel-macos-x86_64 | 0.1 | 21.00 | NOTE | |||
r-oldrel-windows-x86_64 | 0.1 | 3.00 | 39.00 | 42.00 | NOTE |
Version: 0.1
Check: LazyData
Result: NOTE
'LazyData' is specified without a 'data' directory
Flavors: r-devel-linux-x86_64-debian-clang, r-devel-linux-x86_64-debian-gcc, r-devel-linux-x86_64-fedora-clang, r-devel-linux-x86_64-fedora-gcc, r-devel-windows-x86_64, r-patched-linux-x86_64, r-release-linux-x86_64, r-release-macos-arm64, r-release-macos-x86_64, r-release-windows-x86_64, r-oldrel-macos-arm64, r-oldrel-macos-x86_64, r-oldrel-windows-x86_64