CRAN Package Check Results for Package InflectSSP

Last updated on 2023-12-02 07:50:23 CET.

Flavor Version Tinstall Tcheck Ttotal Status Flags
r-devel-linux-x86_64-debian-clang 1.6 15.09 123.26 138.35 OK
r-devel-linux-x86_64-debian-gcc 1.6 11.25 88.75 100.00 OK
r-devel-linux-x86_64-fedora-clang 1.6 171.58 NOTE
r-devel-linux-x86_64-fedora-gcc 1.6 175.55 NOTE
r-devel-windows-x86_64 1.6 12.00 96.00 108.00 OK
r-patched-linux-x86_64 1.6 11.93 117.11 129.04 OK
r-release-linux-x86_64 1.6 11.95 117.04 128.99 OK
r-release-macos-arm64 1.6 57.00 OK
r-release-macos-x86_64 1.6 105.00 OK
r-release-windows-x86_64 1.6 14.00 109.00 123.00 OK
r-oldrel-macos-arm64 1.6 48.00 OK
r-oldrel-macos-x86_64 1.6 66.00 OK
r-oldrel-windows-x86_64 1.6 16.00 114.00 130.00 OK

Check Details

Version: 1.6
Check: dependencies in R code
Result: NOTE Namespace in Imports field not imported from: ‘svglite’ All declared Imports should be used. Flavors: r-devel-linux-x86_64-fedora-clang, r-devel-linux-x86_64-fedora-gcc