Last updated on 2023-03-25 07:02:22 CET.
Flavor | Version | Tinstall | Tcheck | Ttotal | Status | Flags |
---|---|---|---|---|---|---|
r-devel-linux-x86_64-debian-clang | 1.1.4.4 | 117.48 | 93.33 | 210.81 | NOTE | |
r-devel-linux-x86_64-debian-gcc | 1.1.4.4 | 99.40 | 69.77 | 169.17 | NOTE | |
r-devel-linux-x86_64-fedora-clang | 1.1.4.4 | 317.67 | NOTE | |||
r-devel-linux-x86_64-fedora-gcc | 1.1.4.4 | 310.61 | NOTE | |||
r-devel-windows-x86_64 | 1.1.4.4 | 240.00 | 159.00 | 399.00 | NOTE | |
r-patched-linux-x86_64 | 1.1.4.4 | 111.37 | 89.93 | 201.30 | NOTE | |
r-release-linux-x86_64 | 1.1.4.4 | 103.98 | 89.92 | 193.90 | NOTE | |
r-release-macos-arm64 | 1.1.4.4 | 69.00 | NOTE | |||
r-release-macos-x86_64 | 1.1.4.4 | 118.00 | NOTE | |||
r-release-windows-x86_64 | 1.1.4.4 | 122.00 | 154.00 | 276.00 | NOTE | |
r-oldrel-macos-arm64 | 1.1.4.4 | 67.00 | NOTE | |||
r-oldrel-macos-x86_64 | 1.1.4.4 | 95.00 | NOTE | |||
r-oldrel-windows-ix86+x86_64 | 1.1.4.4 | 291.00 | 176.00 | 467.00 | WARN |
Version: 1.1.4.4
Check: C++ specification
Result: NOTE
Specified C++11: please drop specification unless essential
Flavors: r-devel-linux-x86_64-debian-clang, r-devel-linux-x86_64-debian-gcc, r-devel-linux-x86_64-fedora-clang, r-devel-linux-x86_64-fedora-gcc, r-devel-windows-x86_64
Version: 1.1.4.4
Check: for GNU extensions in Makefiles
Result: NOTE
GNU make is a SystemRequirements.
Flavors: r-devel-linux-x86_64-debian-clang, r-devel-linux-x86_64-debian-gcc, r-devel-linux-x86_64-fedora-clang, r-devel-linux-x86_64-fedora-gcc, r-devel-windows-x86_64, r-patched-linux-x86_64, r-release-linux-x86_64, r-release-macos-arm64, r-release-macos-x86_64, r-release-windows-x86_64, r-oldrel-macos-arm64, r-oldrel-macos-x86_64, r-oldrel-windows-ix86+x86_64
Version: 1.1.4.4
Check: installed package size
Result: NOTE
installed size is 7.0Mb
sub-directories of 1Mb or more:
libs 5.3Mb
Flavors: r-release-macos-arm64, r-release-macos-x86_64, r-oldrel-macos-arm64, r-oldrel-macos-x86_64
Version: 1.1.4.4
Check: for unstated dependencies in ‘tests’
Result: WARN
Warning: unable to access index for repository https://bioconductor.org/packages/3.14/bioc/src/contrib:
cannot open URL 'https://bioconductor.org/packages/3.14/bioc/src/contrib/PACKAGES'
Warning: unable to access index for repository https://bioconductor.org/packages/3.14/data/annotation/src/contrib:
cannot open URL 'https://bioconductor.org/packages/3.14/data/annotation/src/contrib/PACKAGES'
Warning: unable to access index for repository https://bioconductor.org/packages/3.14/data/experiment/src/contrib:
cannot open URL 'https://bioconductor.org/packages/3.14/data/experiment/src/contrib/PACKAGES'
Flavor: r-oldrel-windows-ix86+x86_64