Last updated on 2024-04-24 07:57:42 CEST.
Flavor | Version | Tinstall | Tcheck | Ttotal | Status | Flags |
---|---|---|---|---|---|---|
r-devel-linux-x86_64-debian-clang | 0.0.4 | 31.30 | 315.89 | 347.19 | OK | |
r-devel-linux-x86_64-debian-gcc | 0.0.4 | 24.14 | 227.21 | 251.35 | OK | |
r-devel-linux-x86_64-fedora-clang | 0.0.4 | 457.03 | NOTE | |||
r-devel-linux-x86_64-fedora-gcc | 0.0.4 | 460.22 | NOTE | |||
r-prerel-macos-arm64 | 0.0.4 | 126.00 | OK | |||
r-prerel-windows-x86_64 | 0.0.4 | 27.00 | 206.00 | 233.00 | OK | |
r-patched-linux-x86_64 | 0.0.4 | 33.44 | 302.32 | 335.76 | OK | |
r-release-linux-x86_64 | 0.0.4 | 38.59 | 296.12 | 334.71 | OK | |
r-release-macos-arm64 | 0.0.4 | 128.00 | OK | |||
r-release-macos-x86_64 | 0.0.4 | 281.00 | OK | |||
r-release-windows-x86_64 | 0.0.4 | 28.00 | 262.00 | 290.00 | OK | |
r-oldrel-macos-arm64 | 0.0.4 | 135.00 | OK | |||
r-oldrel-windows-x86_64 | 0.0.4 | 28.00 | 266.00 | 294.00 | OK |
Version: 0.0.4
Check: data for non-ASCII characters
Result: NOTE
Note: found 1 marked UTF-8 string
Flavors: r-devel-linux-x86_64-fedora-clang, r-devel-linux-x86_64-fedora-gcc