Last updated on 2023-10-04 08:01:40 CEST.
Flavor | Version | Tinstall | Tcheck | Ttotal | Status | Flags |
---|---|---|---|---|---|---|
r-devel-linux-x86_64-debian-clang | 0.0.3 | 30.81 | 391.63 | 422.44 | OK | |
r-devel-linux-x86_64-debian-gcc | 0.0.3 | 22.42 | 286.65 | 309.07 | OK | |
r-devel-linux-x86_64-fedora-clang | 0.0.3 | 567.62 | NOTE | |||
r-devel-linux-x86_64-fedora-gcc | 0.0.3 | 557.05 | NOTE | |||
r-devel-windows-x86_64 | 0.0.3 | 30.00 | 266.00 | 296.00 | NOTE | |
r-patched-linux-x86_64 | 0.0.3 | 28.18 | 368.48 | 396.66 | OK | |
r-release-linux-x86_64 | 0.0.3 | 28.60 | 373.27 | 401.87 | OK | |
r-release-macos-arm64 | 0.0.3 | 111.00 | NOTE | |||
r-release-macos-x86_64 | 0.0.3 | 239.00 | NOTE | |||
r-release-windows-x86_64 | 0.0.3 | 33.00 | 335.00 | 368.00 | NOTE | |
r-oldrel-macos-arm64 | 0.0.3 | 133.00 | NOTE | |||
r-oldrel-macos-x86_64 | 0.0.3 | 134.00 | NOTE | |||
r-oldrel-windows-x86_64 | 0.0.3 | 34.00 | 334.00 | 368.00 | NOTE |
Version: 0.0.3
Check: installed package size
Result: NOTE
installed size is 5.7Mb
sub-directories of 1Mb or more:
doc 5.3Mb
Flavors: r-devel-linux-x86_64-fedora-clang, r-devel-windows-x86_64, r-release-macos-arm64, r-release-macos-x86_64, r-release-windows-x86_64, r-oldrel-macos-arm64, r-oldrel-macos-x86_64, r-oldrel-windows-x86_64
Version: 0.0.3
Check: data for non-ASCII characters
Result: NOTE
Note: found 1 marked UTF-8 string
Flavors: r-devel-linux-x86_64-fedora-clang, r-devel-linux-x86_64-fedora-gcc