Last updated on 2024-04-19 19:50:16 CEST.
Flavor | Version | Tinstall | Tcheck | Ttotal | Status | Flags |
---|---|---|---|---|---|---|
r-devel-linux-x86_64-debian-clang | 1.1.8 | 16.16 | 195.80 | 211.96 | OK | |
r-devel-linux-x86_64-debian-gcc | 1.1.8 | OK | ||||
r-devel-linux-x86_64-fedora-clang | 1.1.8 | 256.52 | NOTE | |||
r-devel-linux-x86_64-fedora-gcc | 1.1.8 | 256.59 | NOTE | |||
r-prerel-macos-arm64 | 1.1.8 | 65.00 | OK | |||
r-prerel-windows-x86_64 | 1.1.8 | 14.00 | 145.00 | 159.00 | OK | |
r-patched-linux-x86_64 | 1.1.8 | 11.72 | 186.98 | 198.70 | OK | |
r-release-linux-x86_64 | 1.1.8 | 16.38 | 192.59 | 208.97 | OK | |
r-release-macos-arm64 | 1.1.8 | 72.00 | OK | |||
r-release-macos-x86_64 | 1.1.8 | 126.00 | OK | |||
r-release-windows-x86_64 | 1.1.8 | 18.00 | 180.00 | 198.00 | OK | |
r-oldrel-macos-arm64 | 1.1.8 | 68.00 | OK | |||
r-oldrel-windows-x86_64 | 1.1.8 | 18.00 | 185.00 | 203.00 | OK |
Version: 1.1.8
Check: dependencies in R code
Result: NOTE
Namespaces in Imports field not imported from:
‘Matrix’ ‘expm’
All declared Imports should be used.
Flavors: r-devel-linux-x86_64-fedora-clang, r-devel-linux-x86_64-fedora-gcc