Last updated on 2024-03-28 07:52:52 CET.
Flavor | Version | Tinstall | Tcheck | Ttotal | Status | Flags |
---|---|---|---|---|---|---|
r-devel-linux-x86_64-debian-clang | 0.1-12 | 7.01 | 59.85 | 66.86 | NOTE | |
r-devel-linux-x86_64-debian-gcc | 0.1-12 | 4.99 | 44.92 | 49.91 | NOTE | |
r-devel-linux-x86_64-fedora-clang | 0.1-12 | 102.75 | OK | |||
r-devel-linux-x86_64-fedora-gcc | 0.1-12 | 111.77 | OK | |||
r-devel-windows-x86_64 | 0.1-12 | 6.00 | 64.00 | 70.00 | OK | |
r-patched-linux-x86_64 | 0.1-12 | 7.25 | 73.08 | 80.33 | NOTE | |
r-release-linux-x86_64 | 0.1-12 | 6.45 | 73.08 | 79.53 | NOTE | |
r-release-macos-arm64 | 0.1-12 | 36.00 | NOTE | |||
r-release-macos-x86_64 | 0.1-12 | 101.00 | NOTE | |||
r-release-windows-x86_64 | 0.1-12 | 8.00 | 71.00 | 79.00 | NOTE | |
r-oldrel-macos-arm64 | 0.1-12 | 38.00 | NOTE | |||
r-oldrel-windows-x86_64 | 0.1-12 | 10.00 | 88.00 | 98.00 | NOTE |
Version: 0.1-12
Check: package dependencies
Result: NOTE
Package suggested but not available for checking: ‘INLA’
Flavors: r-devel-linux-x86_64-debian-clang, r-devel-linux-x86_64-debian-gcc, r-patched-linux-x86_64, r-release-linux-x86_64, r-release-macos-arm64, r-release-macos-x86_64, r-release-windows-x86_64, r-oldrel-macos-arm64, r-oldrel-windows-x86_64