Last updated on 2023-10-01 08:52:01 CEST.
Flavor | Version | Tinstall | Tcheck | Ttotal | Status | Flags |
---|---|---|---|---|---|---|
r-devel-linux-x86_64-debian-clang | 0.1-11 | 6.18 | 75.85 | 82.03 | NOTE | |
r-devel-linux-x86_64-debian-gcc | 0.1-11 | 5.92 | 56.10 | 62.02 | NOTE | |
r-devel-linux-x86_64-fedora-clang | 0.1-11 | 106.84 | OK | |||
r-devel-linux-x86_64-fedora-gcc | 0.1-11 | 120.67 | OK | |||
r-devel-windows-x86_64 | 0.1-11 | 10.00 | 73.00 | 83.00 | NOTE | |
r-patched-linux-x86_64 | 0.1-11 | 7.69 | 71.18 | 78.87 | NOTE | |
r-release-linux-x86_64 | 0.1-11 | 7.03 | 72.17 | 79.20 | NOTE | |
r-release-macos-arm64 | 0.1-11 | 32.00 | NOTE | |||
r-release-macos-x86_64 | 0.1-11 | 51.00 | NOTE | |||
r-release-windows-x86_64 | 0.1-11 | 11.00 | 82.00 | 93.00 | NOTE | |
r-oldrel-macos-arm64 | 0.1-11 | 88.00 | NOTE | |||
r-oldrel-macos-x86_64 | 0.1-11 | 114.00 | NOTE | |||
r-oldrel-windows-x86_64 | 0.1-11 | 11.00 | 85.00 | 96.00 | NOTE |
Version: 0.1-11
Check: package dependencies
Result: NOTE
Package suggested but not available for checking: ‘INLA’
Flavors: r-devel-linux-x86_64-debian-clang, r-devel-linux-x86_64-debian-gcc, r-devel-windows-x86_64, r-patched-linux-x86_64, r-release-linux-x86_64, r-release-macos-arm64, r-release-macos-x86_64, r-release-windows-x86_64, r-oldrel-macos-arm64, r-oldrel-macos-x86_64, r-oldrel-windows-x86_64