Last updated on 2024-04-23 19:50:47 CEST.
Flavor | Version | Tinstall | Tcheck | Ttotal | Status | Flags |
---|---|---|---|---|---|---|
r-devel-linux-x86_64-debian-clang | 1.0.0 | 8.15 | 354.36 | 362.51 | OK | |
r-devel-linux-x86_64-debian-gcc | 1.0.0 | 6.74 | 265.95 | 272.69 | OK | |
r-devel-linux-x86_64-fedora-clang | 1.0.0 | 434.46 | NOTE | |||
r-devel-linux-x86_64-fedora-gcc | 1.0.0 | 461.21 | NOTE | |||
r-prerel-macos-arm64 | 1.0.0 | 164.00 | OK | |||
r-prerel-windows-x86_64 | 1.0.0 | 8.00 | 369.00 | 377.00 | OK | |
r-patched-linux-x86_64 | 1.0.0 | 5.41 | 349.55 | 354.96 | OK | |
r-release-linux-x86_64 | 1.0.0 | 9.47 | 341.62 | 351.09 | OK | |
r-release-macos-arm64 | 1.0.0 | 187.00 | OK | |||
r-release-macos-x86_64 | 1.0.0 | 359.00 | OK | |||
r-release-windows-x86_64 | 1.0.0 | 10.00 | 370.00 | 380.00 | OK | |
r-oldrel-macos-arm64 | 1.0.0 | 149.00 | NOTE | |||
r-oldrel-windows-x86_64 | 1.0.0 | 11.00 | 373.00 | 384.00 | OK |
Version: 1.0.0
Check: dependencies in R code
Result: NOTE
Namespaces in Imports field not imported from:
‘lme4’ ‘reshape2’
All declared Imports should be used.
Flavors: r-devel-linux-x86_64-fedora-clang, r-devel-linux-x86_64-fedora-gcc, r-oldrel-macos-arm64