Last updated on 2023-06-08 08:55:24 CEST.
Flavor | Version | Tinstall | Tcheck | Ttotal | Status | Flags |
---|---|---|---|---|---|---|
r-devel-linux-x86_64-debian-clang | 1.1.7 | 38.65 | 39.62 | 78.27 | NOTE | |
r-devel-linux-x86_64-debian-gcc | 1.1.7 | 30.57 | 31.18 | 61.75 | NOTE | |
r-devel-linux-x86_64-fedora-clang | 1.1.7 | 111.19 | NOTE | |||
r-devel-linux-x86_64-fedora-gcc | 1.1.7 | 125.58 | NOTE | |||
r-devel-windows-x86_64 | 1.1.7 | 31.00 | 73.00 | 104.00 | NOTE | |
r-patched-linux-x86_64 | 1.1.7 | 28.93 | 38.29 | 67.22 | NOTE | |
r-release-linux-x86_64 | 1.1.7 | 31.23 | 37.87 | 69.10 | NOTE | |
r-release-macos-arm64 | 1.1.7 | 41.00 | NOTE | |||
r-release-macos-x86_64 | 1.1.7 | 63.00 | NOTE | |||
r-release-windows-x86_64 | 1.1.7 | 39.00 | 81.00 | 120.00 | NOTE | |
r-oldrel-macos-arm64 | 1.1.7 | 34.00 | OK | |||
r-oldrel-macos-x86_64 | 1.1.7 | 42.00 | OK | |||
r-oldrel-windows-x86_64 | 1.1.7 | 37.00 | 80.00 | 117.00 | OK |
Version: 1.1.7
Check: C++ specification
Result: NOTE
Specified C++11: please drop specification unless essential
Flavors: r-devel-linux-x86_64-debian-clang, r-devel-linux-x86_64-debian-gcc, r-devel-linux-x86_64-fedora-clang, r-devel-linux-x86_64-fedora-gcc, r-devel-windows-x86_64, r-patched-linux-x86_64, r-release-linux-x86_64, r-release-macos-arm64, r-release-macos-x86_64, r-release-windows-x86_64