Last updated on 2023-06-05 08:53:30 CEST.
Flavor | Version | Tinstall | Tcheck | Ttotal | Status | Flags |
---|---|---|---|---|---|---|
r-devel-linux-x86_64-debian-clang | 1.1.20 | 8.30 | 63.58 | 71.88 | NOTE | |
r-devel-linux-x86_64-debian-gcc | 1.1.20 | 6.45 | 47.55 | 54.00 | NOTE | |
r-devel-linux-x86_64-fedora-clang | 1.1.20 | 89.31 | NOTE | |||
r-devel-linux-x86_64-fedora-gcc | 1.1.20 | 89.17 | NOTE | |||
r-devel-windows-x86_64 | 1.1.20 | 9.00 | 72.00 | 81.00 | NOTE | |
r-patched-linux-x86_64 | 1.1.20 | 8.43 | 60.96 | 69.39 | NOTE | |
r-release-linux-x86_64 | 1.1.20 | 6.98 | 61.01 | 67.99 | NOTE | |
r-release-macos-arm64 | 1.1.20 | 28.00 | NOTE | |||
r-release-macos-x86_64 | 1.1.20 | 48.00 | NOTE | |||
r-release-windows-x86_64 | 1.1.20 | 12.00 | 80.00 | 92.00 | NOTE | |
r-oldrel-macos-arm64 | 1.1.20 | 32.00 | OK | |||
r-oldrel-macos-x86_64 | 1.1.20 | 41.00 | OK | |||
r-oldrel-windows-x86_64 | 1.1.20 | 11.00 | 78.00 | 89.00 | OK |
Version: 1.1.20
Check: Rd \usage sections
Result: NOTE
S3 methods shown with full name in documentation object ‘internals’:
‘plot.page’
The \usage entries for S3 methods should use the \method markup and not
their full name.
See chapter ‘Writing R documentation files’ in the ‘Writing R
Extensions’ manual.
Flavors: r-devel-linux-x86_64-debian-clang, r-devel-linux-x86_64-debian-gcc, r-devel-linux-x86_64-fedora-clang, r-devel-linux-x86_64-fedora-gcc, r-devel-windows-x86_64, r-patched-linux-x86_64, r-release-linux-x86_64, r-release-macos-arm64, r-release-macos-x86_64, r-release-windows-x86_64
Version: 1.1.20
Check: Rd cross-references
Result: NOTE
Undeclared packages ‘sfsmisc’, ‘RColorBrewer’, ‘hexbin’ in Rd xrefs
Flavor: r-devel-linux-x86_64-fedora-clang