Last updated on 2024-03-28 07:52:52 CET.
Flavor | Version | Tinstall | Tcheck | Ttotal | Status | Flags |
---|---|---|---|---|---|---|
r-devel-linux-x86_64-debian-clang | 0.3-5 | 44.93 | 220.13 | 265.06 | OK | |
r-devel-linux-x86_64-debian-gcc | 0.3-5 | 39.59 | 162.05 | 201.64 | OK | |
r-devel-linux-x86_64-fedora-clang | 0.3-5 | 374.27 | OK | |||
r-devel-linux-x86_64-fedora-gcc | 0.3-5 | 368.72 | OK | |||
r-devel-windows-x86_64 | 0.3-5 | 43.00 | 188.00 | 231.00 | OK | |
r-patched-linux-x86_64 | 0.3-5 | 57.97 | 213.92 | 271.89 | OK | |
r-release-linux-x86_64 | 0.3-5 | 52.58 | 217.20 | 269.78 | OK | |
r-release-macos-arm64 | 0.3-5 | 100.00 | NOTE | |||
r-release-macos-x86_64 | 0.3-5 | 171.00 | NOTE | |||
r-release-windows-x86_64 | 0.3-5 | 52.00 | 245.00 | 297.00 | OK | |
r-oldrel-macos-arm64 | 0.3-5 | 99.00 | NOTE | |||
r-oldrel-windows-x86_64 | 0.3-5 | 55.00 | 244.00 | 299.00 | OK |
Version: 0.3-5
Check: installed package size
Result: NOTE
installed size is 5.6Mb
sub-directories of 1Mb or more:
doc 2.5Mb
libs 2.8Mb
Flavors: r-release-macos-arm64, r-release-macos-x86_64, r-oldrel-macos-arm64