Last updated on 2024-03-28 19:48:34 CET.
Flavor | Version | Tinstall | Tcheck | Ttotal | Status | Flags |
---|---|---|---|---|---|---|
r-devel-linux-x86_64-debian-clang | 0.0.1 | 4.40 | 51.67 | 56.07 | OK | |
r-devel-linux-x86_64-debian-gcc | 0.0.1 | 3.99 | 39.05 | 43.04 | OK | |
r-devel-linux-x86_64-fedora-clang | 0.0.1 | 71.38 | NOTE | |||
r-devel-linux-x86_64-fedora-gcc | 0.0.1 | 81.43 | NOTE | |||
r-devel-windows-x86_64 | 0.0.1 | 5.00 | 59.00 | 64.00 | OK | |
r-patched-linux-x86_64 | 0.0.1 | 4.94 | 50.37 | 55.31 | OK | |
r-release-linux-x86_64 | 0.0.1 | 3.16 | 48.73 | 51.89 | OK | |
r-release-macos-arm64 | 0.0.1 | 30.00 | OK | |||
r-release-macos-x86_64 | 0.0.1 | 42.00 | OK | |||
r-release-windows-x86_64 | 0.0.1 | 7.00 | 65.00 | 72.00 | OK | |
r-oldrel-macos-arm64 | 0.0.1 | 20.00 | NOTE | |||
r-oldrel-windows-x86_64 | 0.0.1 | 7.00 | 72.00 | 79.00 | OK |
Version: 0.0.1
Check: dependencies in R code
Result: NOTE
Namespace in Imports field not imported from: ‘knitr’
All declared Imports should be used.
Flavors: r-devel-linux-x86_64-fedora-clang, r-devel-linux-x86_64-fedora-gcc, r-oldrel-macos-arm64