CRAN Package Check Results for Package HydroMe

Last updated on 2023-10-01 08:52:01 CEST.

Flavor Version Tinstall Tcheck Ttotal Status Flags
r-devel-linux-x86_64-debian-clang 2.0-1 2.47 36.55 39.02 NOTE
r-devel-linux-x86_64-debian-gcc 2.0-1 2.06 28.40 30.46 NOTE
r-devel-linux-x86_64-fedora-clang 2.0-1 54.48 NOTE
r-devel-linux-x86_64-fedora-gcc 2.0-1 49.42 NOTE
r-devel-windows-x86_64 2.0-1 5.00 55.00 60.00 NOTE
r-patched-linux-x86_64 2.0-1 3.39 36.46 39.85 OK
r-release-linux-x86_64 2.0-1 2.74 36.24 38.98 OK
r-release-macos-arm64 2.0-1 24.00 OK
r-release-macos-x86_64 2.0-1 31.00 OK
r-release-windows-x86_64 2.0-1 4.00 56.00 60.00 OK
r-oldrel-macos-arm64 2.0-1 21.00 OK
r-oldrel-macos-x86_64 2.0-1 28.00 OK
r-oldrel-windows-x86_64 2.0-1 5.00 61.00 66.00 OK

Check Details

Version: 2.0-1
Check: Rd metadata
Result: NOTE
    Invalid package aliases in Rd file 'HydroMe-package.Rd':
     ‘HydroMe2-package’
Flavors: r-devel-linux-x86_64-debian-clang, r-devel-linux-x86_64-debian-gcc, r-devel-linux-x86_64-fedora-clang, r-devel-linux-x86_64-fedora-gcc, r-devel-windows-x86_64