CRAN Package Check Results for Package HierPortfolios

Last updated on 2023-03-23 19:50:17 CET.

Flavor Version Tinstall Tcheck Ttotal Status Flags
r-devel-linux-x86_64-debian-clang 0.1.0 2.35 23.48 25.83 OK
r-devel-linux-x86_64-debian-gcc 0.1.0 1.91 18.92 20.83 OK
r-devel-linux-x86_64-fedora-clang 0.1.0 34.06 NOTE
r-devel-linux-x86_64-fedora-gcc 0.1.0 32.52 NOTE
r-devel-windows-x86_64 0.1.0 13.00 58.00 71.00 OK
r-patched-linux-x86_64 0.1.0 2.34 24.14 26.48 OK
r-release-linux-x86_64 0.1.0 2.20 24.73 26.93 OK
r-release-macos-arm64 0.1.0 17.00 NOTE
r-release-macos-x86_64 0.1.0 27.00 NOTE
r-release-windows-x86_64 0.1.0 17.00 289.00 306.00 OK
r-oldrel-macos-arm64 0.1.0 16.00 NOTE
r-oldrel-macos-x86_64 0.1.0 23.00 NOTE
r-oldrel-windows-ix86+x86_64 0.1.0 7.00 49.00 56.00 OK

Check Details

Version: 0.1.0
Check: dependencies in R code
Result: NOTE
    Namespace in Imports field not imported from: ‘RiskPortfolios’
     All declared Imports should be used.
Flavors: r-devel-linux-x86_64-fedora-clang, r-devel-linux-x86_64-fedora-gcc, r-release-macos-arm64, r-release-macos-x86_64, r-oldrel-macos-arm64, r-oldrel-macos-x86_64