Last updated on 2024-04-19 19:50:16 CEST.
Flavor | Version | Tinstall | Tcheck | Ttotal | Status | Flags |
---|---|---|---|---|---|---|
r-devel-linux-x86_64-debian-clang | 0.4-4 | 94.36 | 91.89 | 186.25 | NOTE | --no-vignettes |
r-devel-linux-x86_64-debian-gcc | 0.4-4 | NOTE | --no-vignettes | |||
r-devel-linux-x86_64-fedora-clang | 0.4-4 | 548.85 | NOTE | |||
r-devel-linux-x86_64-fedora-gcc | 0.4-4 | 783.14 | NOTE | |||
r-prerel-macos-arm64 | 0.4-4 | 115.00 | NOTE | |||
r-prerel-windows-x86_64 | 0.4-4 | 79.00 | 236.00 | 315.00 | NOTE | |
r-patched-linux-x86_64 | 0.4-4 | 101.99 | 85.71 | 187.70 | NOTE | --no-vignettes |
r-release-linux-x86_64 | 0.4-4 | 99.71 | 89.63 | 189.34 | NOTE | --no-vignettes |
r-release-macos-arm64 | 0.4-4 | 141.00 | NOTE | |||
r-release-macos-x86_64 | 0.4-4 | 223.00 | NOTE | |||
r-release-windows-x86_64 | 0.4-4 | 99.00 | 275.00 | 374.00 | NOTE | |
r-oldrel-macos-arm64 | 0.4-4 | 121.00 | NOTE | |||
r-oldrel-windows-x86_64 | 0.4-4 | 99.00 | 265.00 | 364.00 | OK |
Version: 0.4-4
Flags: --no-vignettes
Check: C++ specification
Result: NOTE
Specified C++11: please drop specification unless essential
Flavors: r-devel-linux-x86_64-debian-clang, r-devel-linux-x86_64-debian-gcc, r-patched-linux-x86_64, r-release-linux-x86_64
Version: 0.4-4
Check: C++ specification
Result: NOTE
Specified C++11: please drop specification unless essential
Flavors: r-devel-linux-x86_64-fedora-clang, r-devel-linux-x86_64-fedora-gcc, r-prerel-macos-arm64, r-prerel-windows-x86_64, r-release-macos-arm64, r-release-macos-x86_64, r-release-windows-x86_64
Version: 0.4-4
Check: installed package size
Result: NOTE
installed size is 5.8Mb
sub-directories of 1Mb or more:
doc 1.1Mb
libs 3.5Mb
Flavors: r-prerel-macos-arm64, r-release-macos-arm64, r-release-macos-x86_64, r-oldrel-macos-arm64