Last updated on 2023-10-04 08:01:40 CEST.
Flavor | Version | Tinstall | Tcheck | Ttotal | Status | Flags |
---|---|---|---|---|---|---|
r-devel-linux-x86_64-debian-clang | 0.1 | 7.24 | 77.42 | 84.66 | NOTE | |
r-devel-linux-x86_64-debian-gcc | 0.1 | 8.56 | 60.00 | 68.56 | NOTE | |
r-devel-linux-x86_64-fedora-clang | 0.1 | 103.88 | NOTE | |||
r-devel-linux-x86_64-fedora-gcc | 0.1 | 113.21 | NOTE | |||
r-devel-windows-x86_64 | 0.1 | 8.00 | 79.00 | 87.00 | NOTE | |
r-patched-linux-x86_64 | 0.1 | 10.80 | 76.11 | 86.91 | NOTE | |
r-release-linux-x86_64 | 0.1 | 8.31 | 75.43 | 83.74 | NOTE | |
r-release-macos-arm64 | 0.1 | 36.00 | NOTE | |||
r-release-macos-x86_64 | 0.1 | 53.00 | NOTE | |||
r-release-windows-x86_64 | 0.1 | 10.00 | 89.00 | 99.00 | NOTE | |
r-oldrel-macos-arm64 | 0.1 | 36.00 | NOTE | |||
r-oldrel-macos-x86_64 | 0.1 | 46.00 | NOTE | |||
r-oldrel-windows-x86_64 | 0.1 | 10.00 | 94.00 | 104.00 | NOTE |
Version: 0.1
Check: LazyData
Result: NOTE
'LazyData' is specified without a 'data' directory
Flavors: r-devel-linux-x86_64-debian-clang, r-devel-linux-x86_64-debian-gcc, r-devel-linux-x86_64-fedora-clang, r-devel-linux-x86_64-fedora-gcc, r-devel-windows-x86_64, r-patched-linux-x86_64, r-release-linux-x86_64, r-release-macos-arm64, r-release-macos-x86_64, r-release-windows-x86_64, r-oldrel-macos-arm64, r-oldrel-macos-x86_64, r-oldrel-windows-x86_64