Last updated on 2024-03-29 07:54:45 CET.
Flavor | Version | Tinstall | Tcheck | Ttotal | Status | Flags |
---|---|---|---|---|---|---|
r-devel-linux-x86_64-debian-clang | 0.1 | 8.70 | 72.97 | 81.67 | NOTE | |
r-devel-linux-x86_64-debian-gcc | 0.1 | 6.25 | 55.01 | 61.26 | NOTE | |
r-devel-linux-x86_64-fedora-clang | 0.1 | 101.50 | NOTE | |||
r-devel-linux-x86_64-fedora-gcc | 0.1 | 98.71 | NOTE | |||
r-devel-windows-x86_64 | 0.1 | 7.00 | 74.00 | 81.00 | NOTE | |
r-patched-linux-x86_64 | 0.1 | 8.67 | 70.68 | 79.35 | NOTE | |
r-release-linux-x86_64 | 0.1 | 7.69 | 72.00 | 79.69 | NOTE | |
r-release-macos-arm64 | 0.1 | 36.00 | NOTE | |||
r-release-macos-x86_64 | 0.1 | 53.00 | NOTE | |||
r-release-windows-x86_64 | 0.1 | 10.00 | 89.00 | 99.00 | NOTE | |
r-oldrel-macos-arm64 | 0.1 | 36.00 | NOTE | |||
r-oldrel-windows-x86_64 | 0.1 | 10.00 | 95.00 | 105.00 | NOTE |
Version: 0.1
Check: LazyData
Result: NOTE
'LazyData' is specified without a 'data' directory
Flavors: r-devel-linux-x86_64-debian-clang, r-devel-linux-x86_64-debian-gcc, r-devel-linux-x86_64-fedora-clang, r-devel-linux-x86_64-fedora-gcc, r-devel-windows-x86_64, r-patched-linux-x86_64, r-release-linux-x86_64, r-release-macos-arm64, r-release-macos-x86_64, r-release-windows-x86_64, r-oldrel-macos-arm64, r-oldrel-windows-x86_64