Last updated on 2024-03-29 07:54:45 CET.
Flavor | Version | Tinstall | Tcheck | Ttotal | Status | Flags |
---|---|---|---|---|---|---|
r-devel-linux-x86_64-debian-clang | 1.0-5 | 16.40 | 52.46 | 68.86 | OK | |
r-devel-linux-x86_64-debian-gcc | 1.0-5 | 13.66 | 40.24 | 53.90 | OK | |
r-devel-linux-x86_64-fedora-clang | 1.0-5 | 88.59 | NOTE | |||
r-devel-linux-x86_64-fedora-gcc | 1.0-5 | 87.49 | OK | |||
r-devel-windows-x86_64 | 1.0-5 | 17.00 | 68.00 | 85.00 | NOTE | |
r-patched-linux-x86_64 | 1.0-5 | 17.49 | 50.72 | 68.21 | OK | |
r-release-linux-x86_64 | 1.0-5 | 15.70 | 51.97 | 67.67 | OK | |
r-release-macos-arm64 | 1.0-5 | 38.00 | NOTE | |||
r-release-macos-x86_64 | 1.0-5 | 58.00 | NOTE | |||
r-release-windows-x86_64 | 1.0-5 | 18.00 | 76.00 | 94.00 | NOTE | |
r-oldrel-macos-arm64 | 1.0-5 | 38.00 | NOTE | |||
r-oldrel-windows-x86_64 | 1.0-5 | 20.00 | 85.00 | 105.00 | NOTE |
Version: 1.0-5
Check: installed package size
Result: NOTE
installed size is 7.6Mb
sub-directories of 1Mb or more:
data 7.1Mb
Flavors: r-devel-linux-x86_64-fedora-clang, r-devel-windows-x86_64, r-release-macos-arm64, r-release-macos-x86_64, r-release-windows-x86_64, r-oldrel-macos-arm64, r-oldrel-windows-x86_64