CRAN Package Check Results for Package HRM

Last updated on 2023-06-09 19:56:25 CEST.

Flavor Version Tinstall Tcheck Ttotal Status Flags
r-devel-linux-x86_64-debian-clang 1.2.1 39.46 251.20 290.66 NOTE
r-devel-linux-x86_64-debian-gcc 1.2.1 32.03 198.28 230.31 NOTE
r-devel-linux-x86_64-fedora-clang 1.2.1 358.45 NOTE
r-devel-linux-x86_64-fedora-gcc 1.2.1 350.33 NOTE
r-devel-windows-x86_64 1.2.1 33.00 189.00 222.00 NOTE
r-patched-linux-x86_64 1.2.1 28.79 240.65 269.44 NOTE
r-release-linux-x86_64 1.2.1 33.90 238.98 272.88 NOTE
r-release-macos-arm64 1.2.1 99.00 NOTE
r-release-macos-x86_64 1.2.1 134.00 NOTE
r-release-windows-x86_64 1.2.1 41.00 244.00 285.00 NOTE
r-oldrel-macos-arm64 1.2.1 133.00 NOTE
r-oldrel-macos-x86_64 1.2.1 225.00 NOTE
r-oldrel-windows-x86_64 1.2.1 42.00 228.00 270.00 OK

Check Details

Version: 1.2.1
Check: package dependencies
Result: NOTE
    Packages suggested but not available for checking: 'RGtk2', 'cairoDevice'
Flavors: r-devel-linux-x86_64-debian-clang, r-devel-linux-x86_64-debian-gcc, r-devel-linux-x86_64-fedora-clang, r-devel-linux-x86_64-fedora-gcc, r-devel-windows-x86_64, r-patched-linux-x86_64, r-release-linux-x86_64, r-release-macos-arm64, r-release-macos-x86_64, r-oldrel-macos-arm64, r-oldrel-macos-x86_64

Version: 1.2.1
Check: C++ specification
Result: NOTE
     Specified C++11: please drop specification unless essential
Flavors: r-devel-linux-x86_64-debian-clang, r-devel-linux-x86_64-debian-gcc, r-devel-linux-x86_64-fedora-clang, r-devel-linux-x86_64-fedora-gcc, r-devel-windows-x86_64, r-patched-linux-x86_64, r-release-linux-x86_64, r-release-macos-arm64, r-release-macos-x86_64, r-release-windows-x86_64