Last updated on 2023-05-30 09:00:37 CEST.
Flavor | Version | Tinstall | Tcheck | Ttotal | Status | Flags |
---|---|---|---|---|---|---|
r-devel-linux-x86_64-debian-clang | 1.1 | 134.24 | 33.96 | 168.20 | NOTE | |
r-devel-linux-x86_64-debian-gcc | 1.1 | 97.62 | 27.54 | 125.16 | NOTE | |
r-devel-linux-x86_64-fedora-clang | 1.1 | 263.40 | NOTE | |||
r-devel-linux-x86_64-fedora-gcc | 1.1 | 266.57 | NOTE | |||
r-devel-windows-x86_64 | 1.1 | 100.00 | 74.00 | 174.00 | NOTE | |
r-patched-linux-x86_64 | 1.1 | 105.38 | 33.93 | 139.31 | NOTE | |
r-release-linux-x86_64 | 1.1 | 104.80 | 33.41 | 138.21 | NOTE | |
r-release-macos-arm64 | 1.1 | 59.00 | NOTE | |||
r-release-macos-x86_64 | 1.1 | 101.00 | NOTE | |||
r-release-windows-x86_64 | 1.1 | 130.00 | 80.00 | 210.00 | NOTE | |
r-oldrel-macos-arm64 | 1.1 | 54.00 | NOTE | |||
r-oldrel-macos-x86_64 | 1.1 | 71.00 | NOTE | |||
r-oldrel-windows-x86_64 | 1.1 | 130.00 | 78.00 | 208.00 | NOTE |
Version: 1.1
Check: C++ specification
Result: NOTE
Specified C++11: please drop specification unless essential
Flavors: r-devel-linux-x86_64-debian-clang, r-devel-linux-x86_64-debian-gcc, r-devel-linux-x86_64-fedora-clang, r-devel-linux-x86_64-fedora-gcc, r-devel-windows-x86_64, r-patched-linux-x86_64, r-release-linux-x86_64, r-release-macos-arm64, r-release-macos-x86_64, r-release-windows-x86_64
Version: 1.1
Check: installed package size
Result: NOTE
installed size is 5.0Mb
sub-directories of 1Mb or more:
data 3.5Mb
libs 1.3Mb
Flavors: r-devel-windows-x86_64, r-release-macos-arm64, r-release-macos-x86_64, r-release-windows-x86_64, r-oldrel-macos-arm64, r-oldrel-macos-x86_64, r-oldrel-windows-x86_64