Last updated on 2023-09-28 19:59:43 CEST.
Flavor | Version | Tinstall | Tcheck | Ttotal | Status | Flags |
---|---|---|---|---|---|---|
r-devel-linux-x86_64-debian-clang | 0.5.0 | 106.44 | 298.37 | 404.81 | NOTE | |
r-devel-linux-x86_64-debian-gcc | 0.5.0 | 76.79 | 222.71 | 299.50 | NOTE | |
r-devel-linux-x86_64-fedora-clang | 0.5.0 | 553.28 | NOTE | |||
r-devel-linux-x86_64-fedora-gcc | 0.5.0 | 561.57 | NOTE | |||
r-devel-windows-x86_64 | 0.5.0 | 82.00 | 250.00 | 332.00 | NOTE | |
r-patched-linux-x86_64 | 0.5.0 | 97.26 | 287.90 | 385.16 | NOTE | |
r-release-linux-x86_64 | 0.5.0 | 89.71 | 289.03 | 378.74 | NOTE | |
r-release-macos-arm64 | 0.5.0 | 155.00 | NOTE | |||
r-release-macos-x86_64 | 0.5.0 | 260.00 | NOTE | |||
r-release-windows-x86_64 | 0.5.0 | 115.00 | 322.00 | 437.00 | NOTE | |
r-oldrel-macos-arm64 | 0.5.0 | 130.00 | OK | |||
r-oldrel-macos-x86_64 | 0.5.0 | 254.00 | OK | |||
r-oldrel-windows-x86_64 | 0.5.0 | 104.00 | 280.00 | 384.00 | OK |
Version: 0.5.0
Check: C++ specification
Result: NOTE
Specified C++11: please drop specification unless essential
Flavors: r-devel-linux-x86_64-debian-clang, r-devel-linux-x86_64-debian-gcc, r-devel-linux-x86_64-fedora-clang, r-devel-linux-x86_64-fedora-gcc, r-devel-windows-x86_64, r-patched-linux-x86_64, r-release-linux-x86_64, r-release-macos-arm64, r-release-macos-x86_64, r-release-windows-x86_64