Last updated on 2024-04-23 19:50:47 CEST.
Flavor | Version | Tinstall | Tcheck | Ttotal | Status | Flags |
---|---|---|---|---|---|---|
r-devel-linux-x86_64-debian-clang | 2.2.1 | 13.37 | 106.54 | 119.91 | NOTE | |
r-devel-linux-x86_64-debian-gcc | 2.2.1 | 9.14 | 75.33 | 84.47 | NOTE | |
r-devel-linux-x86_64-fedora-clang | 2.2.1 | 142.65 | NOTE | |||
r-devel-linux-x86_64-fedora-gcc | 2.2.1 | 136.73 | NOTE | |||
r-prerel-macos-arm64 | 2.2.1 | 41.00 | NOTE | |||
r-prerel-windows-x86_64 | 2.2.1 | 12.00 | 90.00 | 102.00 | NOTE | |
r-patched-linux-x86_64 | 2.2.1 | 9.33 | 97.27 | 106.60 | NOTE | |
r-release-linux-x86_64 | 2.2.1 | 11.59 | 103.32 | 114.91 | OK | |
r-release-macos-arm64 | 2.2.1 | 42.00 | OK | |||
r-release-macos-x86_64 | 2.2.1 | 86.00 | OK | |||
r-release-windows-x86_64 | 2.2.1 | 14.00 | 105.00 | 119.00 | OK | |
r-oldrel-macos-arm64 | 2.2.1 | 46.00 | OK | |||
r-oldrel-windows-x86_64 | 2.2.1 | 14.00 | 105.00 | 119.00 | OK |
Version: 2.2.1
Check: Rd files
Result: NOTE
checkRd: (-1) hdda.Rd:121-123: Lost braces in \itemize; meant \describe ?
checkRd: (-1) hdda.Rd:124-127: Lost braces in \itemize; meant \describe ?
checkRd: (-1) hdda.Rd:128-132: Lost braces in \itemize; meant \describe ?
checkRd: (-1) hddc.Rd:162-164: Lost braces in \itemize; meant \describe ?
checkRd: (-1) hddc.Rd:165-168: Lost braces in \itemize; meant \describe ?
Flavors: r-devel-linux-x86_64-debian-clang, r-devel-linux-x86_64-debian-gcc, r-devel-linux-x86_64-fedora-clang, r-devel-linux-x86_64-fedora-gcc, r-prerel-macos-arm64, r-prerel-windows-x86_64, r-patched-linux-x86_64