Last updated on 2023-05-29 08:55:00 CEST.
Flavor | Version | Tinstall | Tcheck | Ttotal | Status | Flags |
---|---|---|---|---|---|---|
r-devel-linux-x86_64-debian-clang | 0.2.6 | 174.80 | 60.47 | 235.27 | OK | |
r-devel-linux-x86_64-debian-gcc | 0.2.6 | 131.18 | 48.14 | 179.32 | OK | |
r-devel-linux-x86_64-fedora-clang | 0.2.6 | 378.09 | NOTE | |||
r-devel-linux-x86_64-fedora-gcc | 0.2.6 | 390.04 | NOTE | |||
r-devel-windows-x86_64 | 0.2.6 | 109.00 | 110.00 | 219.00 | OK | |
r-patched-linux-x86_64 | 0.2.6 | 148.44 | 59.62 | 208.06 | OK | |
r-release-linux-x86_64 | 0.2.6 | 138.37 | 60.57 | 198.94 | OK | |
r-release-macos-arm64 | 0.2.6 | 94.00 | OK | |||
r-release-macos-x86_64 | 0.2.6 | 167.00 | OK | |||
r-release-windows-x86_64 | 0.2.6 | 125.00 | 114.00 | 239.00 | OK | |
r-oldrel-macos-arm64 | 0.2.6 | 82.00 | OK | |||
r-oldrel-macos-x86_64 | 0.2.6 | 106.00 | NOTE | |||
r-oldrel-windows-x86_64 | 0.2.6 | 152.00 | 113.00 | 265.00 | OK |
Version: 0.2.6
Check: data for non-ASCII characters
Result: NOTE
Note: found 3 marked UTF-8 strings
Flavors: r-devel-linux-x86_64-fedora-clang, r-devel-linux-x86_64-fedora-gcc, r-oldrel-macos-x86_64