Last updated on 2024-04-24 20:54:08 CEST.
Flavor | Version | Tinstall | Tcheck | Ttotal | Status | Flags |
---|---|---|---|---|---|---|
r-devel-linux-x86_64-debian-clang | 0.2.6 | 186.39 | 66.57 | 252.96 | OK | |
r-devel-linux-x86_64-debian-gcc | 0.2.6 | 135.29 | 50.91 | 186.20 | OK | |
r-devel-linux-x86_64-fedora-clang | 0.2.6 | 384.89 | NOTE | |||
r-devel-linux-x86_64-fedora-gcc | 0.2.6 | 369.71 | NOTE | |||
r-devel-windows-x86_64 | 0.2.6 | 133.00 | 110.00 | 243.00 | OK | |
r-patched-linux-x86_64 | 0.2.6 | 171.24 | 63.02 | 234.26 | OK | |
r-release-linux-x86_64 | 0.2.6 | 173.56 | 63.15 | 236.71 | OK | |
r-release-macos-arm64 | 0.2.6 | 94.00 | OK | |||
r-release-windows-x86_64 | 0.2.6 | 129.00 | 122.00 | 251.00 | OK | |
r-oldrel-macos-arm64 | 0.2.6 | 82.00 | OK | |||
r-oldrel-macos-x86_64 | 0.2.6 | 167.00 | OK | |||
r-oldrel-windows-x86_64 | 0.2.6 | 127.00 | 116.00 | 243.00 | OK |
Version: 0.2.6
Check: data for non-ASCII characters
Result: NOTE
Note: found 3 marked UTF-8 strings
Flavors: r-devel-linux-x86_64-fedora-clang, r-devel-linux-x86_64-fedora-gcc