Last updated on 2024-04-25 07:59:54 CEST.
Flavor | Version | Tinstall | Tcheck | Ttotal | Status | Flags |
---|---|---|---|---|---|---|
r-devel-linux-x86_64-debian-clang | 0.1.0 | 29.17 | 66.51 | 95.68 | NOTE | |
r-devel-linux-x86_64-debian-gcc | 0.1.0 | 20.99 | 49.56 | 70.55 | NOTE | |
r-devel-linux-x86_64-fedora-clang | 0.1.0 | 131.18 | NOTE | |||
r-devel-linux-x86_64-fedora-gcc | 0.1.0 | 123.66 | NOTE | |||
r-devel-windows-x86_64 | 0.1.0 | 24.00 | 85.00 | 109.00 | NOTE | |
r-patched-linux-x86_64 | 0.1.0 | 25.28 | 62.94 | 88.22 | NOTE | |
r-release-linux-x86_64 | 0.1.0 | 28.87 | 60.81 | 89.68 | NOTE | |
r-release-macos-arm64 | 0.1.0 | 40.00 | NOTE | |||
r-release-windows-x86_64 | 0.1.0 | 23.00 | 84.00 | 107.00 | NOTE | |
r-oldrel-macos-arm64 | 0.1.0 | 43.00 | NOTE | |||
r-oldrel-macos-x86_64 | 0.1.0 | 63.00 | NOTE | |||
r-oldrel-windows-x86_64 | 0.1.0 | 29.00 | 94.00 | 123.00 | NOTE |
Version: 0.1.0
Check: C++ specification
Result: NOTE
Specified C++14: please drop specification unless essential
Flavors: r-devel-linux-x86_64-debian-clang, r-devel-linux-x86_64-debian-gcc, r-devel-linux-x86_64-fedora-clang, r-devel-linux-x86_64-fedora-gcc, r-devel-windows-x86_64, r-patched-linux-x86_64, r-release-linux-x86_64, r-release-macos-arm64, r-release-windows-x86_64, r-oldrel-macos-arm64, r-oldrel-macos-x86_64, r-oldrel-windows-x86_64