Last updated on 2023-06-10 08:53:17 CEST.
Flavor | Version | Tinstall | Tcheck | Ttotal | Status | Flags |
---|---|---|---|---|---|---|
r-devel-linux-x86_64-debian-clang | 0.1.0 | 24.77 | 54.47 | 79.24 | NOTE | |
r-devel-linux-x86_64-debian-gcc | 0.1.0 | 22.06 | 42.33 | 64.39 | NOTE | |
r-devel-linux-x86_64-fedora-clang | 0.1.0 | 114.72 | NOTE | |||
r-devel-linux-x86_64-fedora-gcc | 0.1.0 | 117.17 | NOTE | |||
r-devel-windows-x86_64 | 0.1.0 | 24.00 | 87.00 | 111.00 | NOTE | |
r-patched-linux-x86_64 | 0.1.0 | 22.26 | 53.55 | 75.81 | NOTE | |
r-release-linux-x86_64 | 0.1.0 | 24.11 | 53.15 | 77.26 | NOTE | |
r-release-macos-arm64 | 0.1.0 | 43.00 | NOTE | |||
r-release-macos-x86_64 | 0.1.0 | 63.00 | NOTE | |||
r-release-windows-x86_64 | 0.1.0 | 29.00 | 95.00 | 124.00 | NOTE | |
r-oldrel-macos-arm64 | 0.1.0 | 44.00 | OK | |||
r-oldrel-macos-x86_64 | 0.1.0 | 50.00 | OK | |||
r-oldrel-windows-x86_64 | 0.1.0 | 27.00 | 95.00 | 122.00 | OK |
Version: 0.1.0
Check: C++ specification
Result: NOTE
Specified C++14: please drop specification unless essential
Flavors: r-devel-linux-x86_64-debian-clang, r-devel-linux-x86_64-debian-gcc, r-devel-linux-x86_64-fedora-clang, r-devel-linux-x86_64-fedora-gcc, r-devel-windows-x86_64, r-patched-linux-x86_64, r-release-linux-x86_64, r-release-macos-arm64, r-release-macos-x86_64, r-release-windows-x86_64