Last updated on 2024-04-26 08:54:58 CEST.
Flavor | Version | Tinstall | Tcheck | Ttotal | Status | Flags |
---|---|---|---|---|---|---|
r-devel-linux-x86_64-debian-clang | 0.5.0 | 70.43 | 81.68 | 152.11 | NOTE | |
r-devel-linux-x86_64-debian-gcc | 0.5.0 | 63.76 | 56.69 | 120.45 | NOTE | |
r-devel-linux-x86_64-fedora-clang | 0.5.0 | 215.63 | NOTE | |||
r-devel-linux-x86_64-fedora-gcc | 0.5.0 | 221.48 | NOTE | |||
r-devel-windows-x86_64 | 0.5.0 | 58.00 | 117.00 | 175.00 | NOTE | |
r-patched-linux-x86_64 | 0.5.0 | 73.58 | 75.05 | 148.63 | NOTE | |
r-release-linux-x86_64 | 0.5.0 | 68.78 | 76.65 | 145.43 | OK | |
r-release-macos-arm64 | 0.5.0 | 48.00 | NOTE | |||
r-release-macos-x86_64 | 0.5.0 | 129.00 | NOTE | |||
r-release-windows-x86_64 | 0.5.0 | 58.00 | 115.00 | 173.00 | NOTE | |
r-oldrel-macos-arm64 | 0.5.0 | 69.00 | NOTE | |||
r-oldrel-macos-x86_64 | 0.5.0 | 144.00 | NOTE | |||
r-oldrel-windows-x86_64 | 0.5.0 | 73.00 | 125.00 | 198.00 | OK |
Version: 0.5.0
Check: HTML version of manual
Result: NOTE
Found the following HTML validation problems:
exponential_anisotropic3D_alt.html:70:1 (exponential_anisotropic3D_alt.Rd:34): Warning: trimming empty <h3>
Flavors: r-devel-linux-x86_64-debian-clang, r-devel-linux-x86_64-debian-gcc, r-devel-linux-x86_64-fedora-clang, r-devel-linux-x86_64-fedora-gcc, r-devel-windows-x86_64, r-patched-linux-x86_64, r-release-windows-x86_64
Version: 0.5.0
Check: installed package size
Result: NOTE
installed size is 7.9Mb
sub-directories of 1Mb or more:
data 1.4Mb
libs 6.1Mb
Flavors: r-release-macos-arm64, r-release-macos-x86_64, r-oldrel-macos-arm64, r-oldrel-macos-x86_64