Last updated on 2023-05-30 09:00:36 CEST.
Flavor | Version | Tinstall | Tcheck | Ttotal | Status | Flags |
---|---|---|---|---|---|---|
r-devel-linux-x86_64-debian-clang | 2.2.0 | 35.88 | 52.11 | 87.99 | NOTE | |
r-devel-linux-x86_64-debian-gcc | 2.2.0 | 24.29 | 39.11 | 63.40 | NOTE | |
r-devel-linux-x86_64-fedora-clang | 2.2.0 | 126.12 | NOTE | |||
r-devel-linux-x86_64-fedora-gcc | 2.2.0 | 128.00 | NOTE | |||
r-devel-windows-x86_64 | 2.2.0 | 31.00 | 84.00 | 115.00 | NOTE | |
r-patched-linux-x86_64 | 2.2.0 | 30.97 | 47.90 | 78.87 | NOTE | |
r-release-linux-x86_64 | 2.2.0 | 30.07 | 48.91 | 78.98 | NOTE | |
r-release-macos-arm64 | 2.2.0 | 35.00 | NOTE | |||
r-release-macos-x86_64 | 2.2.0 | 55.00 | NOTE | |||
r-release-windows-x86_64 | 2.2.0 | 40.00 | 93.00 | 133.00 | NOTE | |
r-oldrel-macos-arm64 | 2.2.0 | 37.00 | OK | |||
r-oldrel-macos-x86_64 | 2.2.0 | 59.00 | OK | |||
r-oldrel-windows-x86_64 | 2.2.0 | 38.00 | 91.00 | 129.00 | OK |
Version: 2.2.0
Check: C++ specification
Result: NOTE
Specified C++11: please drop specification unless essential
Flavors: r-devel-linux-x86_64-debian-clang, r-devel-linux-x86_64-debian-gcc, r-devel-linux-x86_64-fedora-clang, r-devel-linux-x86_64-fedora-gcc, r-devel-windows-x86_64, r-patched-linux-x86_64, r-release-linux-x86_64, r-release-macos-arm64, r-release-macos-x86_64, r-release-windows-x86_64