Last updated on 2025-01-13 19:49:33 CET.
Flavor | Version | Tinstall | Tcheck | Ttotal | Status | Flags |
---|---|---|---|---|---|---|
r-devel-linux-x86_64-debian-clang | 0.3.0 | 49.54 | 370.38 | 419.92 | OK | |
r-devel-linux-x86_64-debian-gcc | 0.3.0 | 33.25 | 257.71 | 290.96 | OK | |
r-devel-linux-x86_64-fedora-clang | 0.3.0 | 746.51 | OK | |||
r-devel-linux-x86_64-fedora-gcc | 0.3.0 | 774.18 | OK | |||
r-devel-windows-x86_64 | 0.3.0 | 54.00 | 452.00 | 506.00 | OK | |
r-patched-linux-x86_64 | 0.3.0 | 46.83 | 342.21 | 389.04 | OK | |
r-release-linux-x86_64 | 0.3.0 | 46.17 | 342.21 | 388.38 | OK | |
r-release-macos-arm64 | 0.3.0 | 215.00 | NOTE | |||
r-release-macos-x86_64 | 0.3.0 | 359.00 | NOTE | |||
r-release-windows-x86_64 | 0.3.0 | 54.00 | 472.00 | 526.00 | OK | |
r-oldrel-macos-arm64 | 0.3.0 | 241.00 | NOTE | |||
r-oldrel-macos-x86_64 | 0.3.0 | 422.00 | NOTE | |||
r-oldrel-windows-x86_64 | 0.3.0 | 62.00 | 562.00 | 624.00 | OK |
Version: 0.3.0
Check: installed package size
Result: NOTE
installed size is 5.7Mb
sub-directories of 1Mb or more:
doc 1.7Mb
libs 3.4Mb
Flavors: r-release-macos-arm64, r-release-macos-x86_64, r-oldrel-macos-arm64, r-oldrel-macos-x86_64