Last updated on 2024-03-29 07:54:44 CET.
Flavor | Version | Tinstall | Tcheck | Ttotal | Status | Flags |
---|---|---|---|---|---|---|
r-devel-linux-x86_64-debian-clang | 0.3.0 | 103.69 | 627.74 | 731.43 | OK | |
r-devel-linux-x86_64-debian-gcc | 0.3.0 | 69.19 | 412.24 | 481.43 | OK | |
r-devel-linux-x86_64-fedora-clang | 0.3.0 | 937.95 | OK | |||
r-devel-linux-x86_64-fedora-gcc | 0.3.0 | 881.62 | OK | |||
r-devel-windows-x86_64 | 0.3.0 | 74.00 | 508.00 | 582.00 | OK | |
r-patched-linux-x86_64 | 0.3.0 | 69.62 | 581.43 | 651.05 | OK | |
r-release-linux-x86_64 | 0.3.0 | 81.82 | 585.58 | 667.40 | OK | |
r-release-macos-arm64 | 0.3.0 | 241.00 | NOTE | |||
r-release-macos-x86_64 | 0.3.0 | 422.00 | NOTE | |||
r-release-windows-x86_64 | 0.3.0 | 92.00 | 649.00 | 741.00 | OK | |
r-oldrel-macos-arm64 | 0.3.0 | 204.00 | NOTE | |||
r-oldrel-windows-x86_64 | 0.3.0 | 85.00 | 581.00 | 666.00 | OK |
Version: 0.3.0
Check: installed package size
Result: NOTE
installed size is 5.9Mb
sub-directories of 1Mb or more:
doc 1.7Mb
libs 3.7Mb
Flavors: r-release-macos-arm64, r-release-macos-x86_64, r-oldrel-macos-arm64