Last updated on 2024-04-18 08:54:31 CEST.
Flavor | Version | Tinstall | Tcheck | Ttotal | Status | Flags |
---|---|---|---|---|---|---|
r-devel-linux-x86_64-debian-clang | 2.0.1 | 82.32 | 269.81 | 352.13 | OK | |
r-devel-linux-x86_64-debian-gcc | 2.0.1 | 73.28 | 181.93 | 255.21 | OK | |
r-devel-linux-x86_64-fedora-clang | 2.0.1 | 427.68 | OK | |||
r-devel-linux-x86_64-fedora-gcc | 2.0.1 | 438.01 | OK | |||
r-prerel-macos-arm64 | 2.0.1 | 104.00 | OK | |||
r-prerel-macos-x86_64 | 2.0.1 | 312.00 | NOTE | |||
r-prerel-windows-x86_64 | 2.0.1 | 74.00 | 217.00 | 291.00 | OK | |
r-patched-linux-x86_64 | 2.0.0 | 84.59 | 248.53 | 333.12 | OK | |
r-release-linux-x86_64 | 2.0.1 | 87.26 | 249.35 | 336.61 | OK | |
r-release-macos-arm64 | 2.0.1 | 105.00 | OK | |||
r-release-macos-x86_64 | 2.0.1 | 232.00 | NOTE | |||
r-release-windows-x86_64 | 2.0.1 | 71.00 | 272.00 | 343.00 | OK | |
r-oldrel-macos-arm64 | 2.0.1 | 108.00 | OK | |||
r-oldrel-windows-x86_64 | 2.0.1 | 90.00 | 249.00 | 339.00 | OK |
Version: 2.0.1
Check: installed package size
Result: NOTE
installed size is 5.2Mb
sub-directories of 1Mb or more:
libs 3.3Mb
Flavors: r-prerel-macos-x86_64, r-release-macos-x86_64