Last updated on 2023-09-28 19:59:41 CEST.
Flavor | Version | Tinstall | Tcheck | Ttotal | Status | Flags |
---|---|---|---|---|---|---|
r-devel-linux-x86_64-debian-clang | 0.1.5.9 | 10.65 | 110.96 | 121.61 | OK | |
r-devel-linux-x86_64-debian-gcc | 0.1.5.9 | 8.77 | 81.43 | 90.20 | OK | |
r-devel-linux-x86_64-fedora-clang | 0.1.5.9 | 148.96 | OK | |||
r-devel-linux-x86_64-fedora-gcc | 0.1.5.9 | 157.58 | OK | |||
r-devel-windows-x86_64 | 0.1.5.9 | 12.00 | 103.00 | 115.00 | OK | |
r-patched-linux-x86_64 | 0.1.5.9 | 13.35 | 105.47 | 118.82 | OK | |
r-release-linux-x86_64 | 0.1.5.9 | 12.58 | 104.75 | 117.33 | OK | |
r-release-macos-arm64 | 0.1.5.9 | 6.00 | ERROR | |||
r-release-macos-x86_64 | 0.1.5.9 | 48.00 | OK | |||
r-release-windows-x86_64 | 0.1.5.9 | 13.00 | 120.00 | 133.00 | OK | |
r-oldrel-macos-x86_64 | 0.1.5.9 | 59.00 | OK | |||
r-oldrel-windows-x86_64 | 0.1.5.9 | 16.00 | 111.00 | 127.00 | OK |
Version: 0.1.5.9
Check: package dependencies
Result: ERROR
Package required but not available: ‘snpStats’
See section ‘The DESCRIPTION file’ in the ‘Writing R Extensions’
manual.
Flavor: r-release-macos-arm64